{"id":12871,"date":"2024-12-16T17:01:42","date_gmt":"2024-12-16T17:01:42","guid":{"rendered":"https:\/\/centreroyhart.org\/teachers\/laurent-stephan\/"},"modified":"2026-02-19T11:54:57","modified_gmt":"2026-02-19T11:54:57","slug":"laurent-stephan","status":"publish","type":"teachers","link":"https:\/\/centreroyhart.org\/fr\/professeurs\/laurent-stephan\/","title":{"rendered":"Stephan Laurent"},"content":{"rendered":"\n<p>Laurent St\u00e9phan est titulaire du Dipl\u00f4me d\u2019Etat d\u2019enseignement du th\u00e9\u00e2tre. Son enseignement fait la part belle au corps.<br>Passionn\u00e9 par la question de la pr\u00e9sence chez la personne et l\u2019interpr\u00e8te, son approche est nourrie des diff\u00e9rents m\u00e9tiers qu\u2019il exerce : com\u00e9dien, praticien de massage de bien-\u00eatre et chanteur sp\u00e9cialiste des polyphonies traditionnelles de G\u00e9orgie (13 voyages sur place, 4 CDs, plus de 200 concerts).  <\/p>\n\n\n\n<p>En parall\u00e8le \u00e0 la lib\u00e9ration des voix qu\u2019il suscite par sa bienveillance et ses propositions ludiques, Laurent sollicite chez ses \u00e9l\u00e8ves une grande pr\u00e9cision m\u00e9lodique et rythmique en les faisant travailler sur des chants \u00e0 3 voix.<\/p>\n\n\n\n<p>Laurent St\u00e9phan s\u2019est form\u00e9 avec Pascale Ben, Marie-Paule Marthe, Flavio Polizzy, Renata Roagna, Saule Ryan et Linda Wise.<br>Il parle fran\u00e7ais, anglais, italien et espagnol.<\/p>\n\n\n\n<p><strong>Contact <\/strong>:<br>E-mail : <a href=\"mailto:laurent_stephan@yahoo.fr\">laurent_stephan@yahoo.fr<\/a><br>Site web : <a href=\"https:\/\/laurentstephan.fr\" target=\"_blank\" rel=\"noopener\">https:\/\/laurentstephan.fr<\/a><br>Site web Sensitive Massage : <a href=\"https:\/\/francemassage.org\/places\/laurent-stephan-chez-mine-de-talents\/\" target=\"_blank\" rel=\"noreferrer noopener\">www.laurentstephan.fr\/massagesensitif<\/a><\/p>\n\n\n\n<p><strong>Article:<\/strong><br>&#8220;Pourquoi les \u00e9trangers chantent-ils des chants traditionnels g\u00e9orgiens?&#8221;, Communication en ethnomusicologie faite au 2\u00e8me Symposium International de polyphonies traditionnelles, Tbilissi, 2004.<\/p>\n\n\n\n<p>4 CDs de chants traditionnels g\u00e9orgiens : \u2018Le Soupra\u2019 Ensemble Marani (Musidisc 179082) ; \u2018Soleil int\u00e9rieur\u2019 Trio Mze Shina (Ad340c) ; \u2018Kirialesa\u2019 Ensemble Mze Shina (Ad682c) ; \u2018Ertad\u2019 Ensemble Marani (Buda Musique 4782047)<\/p>\n\n\n\n<p><strong>Vid\u00e9o:<\/strong><br>Pr\u00e9sentation du spectacle solo sur Pierre Rivi\u00e8re, <a href=\"https:\/\/www.youtube.com\/watch?v=3D26D_hfeKk\" target=\"_blank\" rel=\"noreferrer noopener\">https:\/\/www.youtube.com\/watch?v=3D26D_hfeKk<\/a><\/p>\n\n\n\n<p><\/p>\n","protected":false},"template":"","meta":{"site-sidebar-layout":"default","site-content-layout":"","ast-site-content-layout":"default","site-content-style":"default","site-sidebar-style":"default","ast-global-header-display":"","ast-banner-title-visibility":"","ast-main-header-display":"","ast-hfb-above-header-display":"","ast-hfb-below-header-display":"","ast-hfb-mobile-header-display":"","site-post-title":"","ast-breadcrumbs-content":"","ast-featured-img":"","footer-sml-layout":"","ast-disable-related-posts":"","theme-transparent-header-meta":"","adv-header-id-meta":"","stick-header-meta":"","header-above-stick-meta":"","header-main-stick-meta":"","header-below-stick-meta":"","astra-migrate-meta-layouts":"default","ast-page-background-enabled":"default","ast-page-background-meta":{"desktop":{"background-color":"var(--ast-global-color-4)","background-image":"","background-repeat":"repeat","background-position":"center center","background-size":"auto","background-attachment":"scroll","background-type":"","background-media":"","overlay-type":"","overlay-color":"","overlay-opacity":"","overlay-gradient":""},"tablet":{"background-color":"","background-image":"","background-repeat":"repeat","background-position":"center center","background-size":"auto","background-attachment":"scroll","background-type":"","background-media":"","overlay-type":"","overlay-color":"","overlay-opacity":"","overlay-gradient":""},"mobile":{"background-color":"","background-image":"","background-repeat":"repeat","background-position":"center center","background-size":"auto","background-attachment":"scroll","background-type":"","background-media":"","overlay-type":"","overlay-color":"","overlay-opacity":"","overlay-gradient":""}},"ast-content-background-meta":{"desktop":{"background-color":"var(--ast-global-color-5)","background-image":"","background-repeat":"repeat","background-position":"center center","background-size":"auto","background-attachment":"scroll","background-type":"","background-media":"","overlay-type":"","overlay-color":"","overlay-opacity":"","overlay-gradient":""},"tablet":{"background-color":"var(--ast-global-color-5)","background-image":"","background-repeat":"repeat","background-position":"center center","background-size":"auto","background-attachment":"scroll","background-type":"","background-media":"","overlay-type":"","overlay-color":"","overlay-opacity":"","overlay-gradient":""},"mobile":{"background-color":"var(--ast-global-color-5)","background-image":"","background-repeat":"repeat","background-position":"center center","background-size":"auto","background-attachment":"scroll","background-type":"","background-media":"","overlay-type":"","overlay-color":"","overlay-opacity":"","overlay-gradient":""}},"_jet_sm_ready_style":"","_jet_sm_style":"","_jet_sm_controls_values":"","_jet_sm_fonts_collection":"","_jet_sm_fonts_links":"","footnotes":""},"spoken-language":[149,156,150,154],"country":[119],"teacher-status":[74],"class_list":["post-12871","teachers","type-teachers","status-publish","hentry","spoken-language-anglais","spoken-language-espagnol","spoken-language-francais","spoken-language-italien","country-france-fr","teacher-status-professeur-roy-hart"],"publishpress_future_workflow_manual_trigger":{"enabledWorkflows":[]},"_links":{"self":[{"href":"https:\/\/centreroyhart.org\/fr\/wp-json\/wp\/v2\/teachers\/12871","targetHints":{"allow":["GET"]}}],"collection":[{"href":"https:\/\/centreroyhart.org\/fr\/wp-json\/wp\/v2\/teachers"}],"about":[{"href":"https:\/\/centreroyhart.org\/fr\/wp-json\/wp\/v2\/types\/teachers"}],"version-history":[{"count":5,"href":"https:\/\/centreroyhart.org\/fr\/wp-json\/wp\/v2\/teachers\/12871\/revisions"}],"predecessor-version":[{"id":37263,"href":"https:\/\/centreroyhart.org\/fr\/wp-json\/wp\/v2\/teachers\/12871\/revisions\/37263"}],"wp:attachment":[{"href":"https:\/\/centreroyhart.org\/fr\/wp-json\/wp\/v2\/media?parent=12871"}],"wp:term":[{"taxonomy":"spoken-language","embeddable":true,"href":"https:\/\/centreroyhart.org\/fr\/wp-json\/wp\/v2\/spoken-language?post=12871"},{"taxonomy":"country","embeddable":true,"href":"https:\/\/centreroyhart.org\/fr\/wp-json\/wp\/v2\/country?post=12871"},{"taxonomy":"teacher-status","embeddable":true,"href":"https:\/\/centreroyhart.org\/fr\/wp-json\/wp\/v2\/teacher-status?post=12871"}],"curies":[{"name":"wp","href":"https:\/\/api.w.org\/{rel}","templated":true}]}}

<p>Laurent Stéphan est titulaire du Diplôme d’Etat d’enseignement du théâtre. Son enseignement fait la part belle au corps.<br>Passionné par la question de la présence chez la personne et l’interprète, son approche est nourrie des différents métiers qu’il exerce : comédien, praticien de massage de bien-être et chanteur spécialiste des polyphonies traditionnelles de Géorgie (13 voyages sur place, 4 CDs, plus de 200 concerts).  </p>



<p>En parallèle à la libération des voix qu’il suscite par sa bienveillance et ses propositions ludiques, Laurent sollicite chez ses élèves une grande précision mélodique et rythmique en les faisant travailler sur des chants à 3 voix.</p>



<p>Laurent Stéphan s’est formé avec Pascale Ben, Marie-Paule Marthe, Flavio Polizzy, Renata Roagna, Saule Ryan et Linda Wise.<br>Il parle français, anglais, italien et espagnol.</p>



<p><strong>Contact </strong>:<br>E-mail : <a href="mailto:laurent_stephan@yahoo.fr">laurent_stephan@yahoo.fr</a><br>Site web : <a href="https://laurentstephan.fr" target="_blank" rel="noopener">https://laurentstephan.fr</a><br>Site web Sensitive Massage : <a href="https://francemassage.org/places/laurent-stephan-chez-mine-de-talents/" target="_blank" rel="noreferrer noopener">www.laurentstephan.fr/massagesensitif</a></p>



<p><strong>Article:</strong><br>&#8220;Pourquoi les étrangers chantent-ils des chants traditionnels géorgiens?&#8221;, Communication en ethnomusicologie faite au 2ème Symposium International de polyphonies traditionnelles, Tbilissi, 2004.</p>



<p>4 CDs de chants traditionnels géorgiens : ‘Le Soupra’ Ensemble Marani (Musidisc 179082) ; ‘Soleil intérieur’ Trio Mze Shina (Ad340c) ; ‘Kirialesa’ Ensemble Mze Shina (Ad682c) ; ‘Ertad’ Ensemble Marani (Buda Musique 4782047)</p>



<p><strong>Vidéo:</strong><br>Présentation du spectacle solo sur Pierre Rivière, <a href="https://www.youtube.com/watch?v=3D26D_hfeKk" target="_blank" rel="noreferrer noopener">https://www.youtube.com/watch?v=3D26D_hfeKk</a></p>



<p></p>
