{"id":7649,"date":"2024-11-11T22:41:36","date_gmt":"2024-11-11T22:41:36","guid":{"rendered":"https:\/\/centreroyhart.org\/teachers\/ivan-midderigh\/"},"modified":"2025-12-02T13:37:52","modified_gmt":"2025-12-02T13:37:52","slug":"ivan-midderigh","status":"publish","type":"teachers","link":"https:\/\/centreroyhart.org\/fr\/professeurs\/ivan-midderigh\/","title":{"rendered":"Midderigh Ivan"},"content":{"rendered":"\n<p>N\u00e9 dans le Somerset en Angleterre, Ivan a suivi le cursus scolaire Waldorf de Rudolf Steiner. Il est dipl\u00f4m\u00e9 du Brighton College of Arts and Crafts o\u00f9 il a \u00e9tudi\u00e9 les beaux-arts et la photographie. En 1971, alors qu\u2019il travaillait en tant que photographe ind\u00e9pendant \u00e0 Londres, il a particip\u00e9 au premier stage de voix du Th\u00e9\u00e2tre Roy Hart et est devenu par la suite membre de la compagnie. <\/p>\n\n\n\n<p>Ivan a particip\u00e9 \u00e0 de nombreuses productions du Th\u00e9\u00e2tre Roy Hart et s\u2019est install\u00e9 avec la compagnie \u00e0 Mal\u00e9rargues, en France, o\u00f9 il a contribu\u00e9 \u00e0 la cr\u00e9ation du Centre Artistique International Roy Hart. Depuis plus de 35 ans, se r\u00e9f\u00e9rant \u00e0 son expertise dans le travail pionnier du Roy Hart Theatre en mati\u00e8re de voix et \u00e0 son application dans la formation et le d\u00e9veloppement en leadership, Ivan a dirig\u00e9 des s\u00e9minaires et des stages corporatifs au niveau international dans un large \u00e9ventail d\u2019entreprises. <\/p>\n\n\n\n<p>Il a enseign\u00e9 au Centre for Executive Education de la Haas School of Business de l\u2019Universit\u00e9 de Californie \u00e0 Berkeley (2009-2017), \u00e0 l\u2019Olin School of Business de l\u2019Universit\u00e9 de Washington, \u00e0 St Louis, Missouri, \u00e0 l\u2019UCD Michael Smurfit Graduate Business School de Dublin, Irlande, et \u00e0 la Berlin School of Creative Leadership en Allemagne. En plus d\u2019enseigner et de jouer sur sc\u00e8ne, Ivan a cr\u00e9\u00e9 et est conservateur des archives photographiques du Th\u00e9\u00e2tre Roy Hart. <\/p>\n\n\n\n<p>Il est \u00e9galement co-fondateur et directeur des programmes de MidderighVox, qui propose dans le monde entier des formations sur le leadership, en mati\u00e8re de pr\u00e9sence, d\u2019\u00e9coute, d\u2019expression, de communication et de storytelling. Il organise \u00e9galement des s\u00e9minaires pour les professionnels du monde des affaires au Centre Artistique International Roy Hart. <\/p>\n\n\n\n<p>R\u00e9sident en France et citoyen du monde, ayant enseign\u00e9 dans 20 pays et v\u00e9cu au Royaume-Uni, en France, aux Pays-Bas, aux \u00c9tats-Unis, en Irlande et en Afrique du Sud, Ivan divise son temps aujourd\u2019hui entre l\u2019enseignement et les spectacles au si\u00e8ge du Th\u00e9\u00e2tre Roy Hart \u00e0 Mal\u00e9rargues, et la formation et l\u2019animation de stages corporatifs autour du monde. Il joue actuellement le r\u00f4le de Sarastro dans la production de Zauber, mise en sc\u00e8ne par Ian Magilton et inspir\u00e9e de La Fl\u00fbte enchant\u00e9e de Mozart.<\/p>\n\n\n\n<p>Ivan a travaill\u00e9 avec Roy Hart, Dorothy Hart, Marita G\u00fcnther, Derek Rossignol, Nadine George, Barry Coglan and Lucienne Deschamps.<br>Il parle l\u2019anglais et le fran\u00e7ais.<\/p>\n\n\n\n<p><strong>Contact :<\/strong> <br>E-mail : <a href=\"mailto:ivan.midderigh@mac.com\">ivan.midderigh@mac.com<\/a>; <a href=\"https:\/\/roy-hart-theatre.com\/teachers\/ivan-midderigh\/ivan@midderighvox.com\" target=\"_blank\" rel=\"noopener\">ivan@midderighvox.com<\/a><\/p>\n\n\n\n<p><strong>Sites Web :<\/strong><br><a href=\"https:\/\/www.midderighvox.com\/\" target=\"_blank\" rel=\"noopener\">https:\/\/www.midderighvox.com\/<\/a><br><a href=\"http:\/\/www.ivanmidderigh.com\/\" target=\"_blank\" rel=\"noopener\">www.ivanmidderigh.com<\/a><br><a href=\"https:\/\/www.royharttheatrephotographicarchives.com\/\" target=\"_blank\" rel=\"noopener\">www. royharttheatrephotographicarchives.com <\/a><\/p>\n\n\n\n<p><strong>iBook : <\/strong><br>The Roy Hart Theatre, A Personal Recollection iBook : <a href=\"https:\/\/itunes.apple.com\/us\/book\/roy-hart-theatre\/id972377822?mt=11\" target=\"_blank\" rel=\"noopener\">Archives photographiques du Th\u00e9\u00e2tre Roy Hart, Volume I<\/a><\/p>\n\n\n\n<p><\/p>\n","protected":false},"template":"","meta":{"site-sidebar-layout":"default","site-content-layout":"","ast-site-content-layout":"default","site-content-style":"default","site-sidebar-style":"default","ast-global-header-display":"","ast-banner-title-visibility":"","ast-main-header-display":"","ast-hfb-above-header-display":"","ast-hfb-below-header-display":"","ast-hfb-mobile-header-display":"","site-post-title":"","ast-breadcrumbs-content":"","ast-featured-img":"","footer-sml-layout":"","ast-disable-related-posts":"","theme-transparent-header-meta":"","adv-header-id-meta":"","stick-header-meta":"","header-above-stick-meta":"","header-main-stick-meta":"","header-below-stick-meta":"","astra-migrate-meta-layouts":"default","ast-page-background-enabled":"default","ast-page-background-meta":{"desktop":{"background-color":"var(--ast-global-color-4)","background-image":"","background-repeat":"repeat","background-position":"center center","background-size":"auto","background-attachment":"scroll","background-type":"","background-media":"","overlay-type":"","overlay-color":"","overlay-opacity":"","overlay-gradient":""},"tablet":{"background-color":"","background-image":"","background-repeat":"repeat","background-position":"center center","background-size":"auto","background-attachment":"scroll","background-type":"","background-media":"","overlay-type":"","overlay-color":"","overlay-opacity":"","overlay-gradient":""},"mobile":{"background-color":"","background-image":"","background-repeat":"repeat","background-position":"center center","background-size":"auto","background-attachment":"scroll","background-type":"","background-media":"","overlay-type":"","overlay-color":"","overlay-opacity":"","overlay-gradient":""}},"ast-content-background-meta":{"desktop":{"background-color":"var(--ast-global-color-5)","background-image":"","background-repeat":"repeat","background-position":"center center","background-size":"auto","background-attachment":"scroll","background-type":"","background-media":"","overlay-type":"","overlay-color":"","overlay-opacity":"","overlay-gradient":""},"tablet":{"background-color":"var(--ast-global-color-5)","background-image":"","background-repeat":"repeat","background-position":"center center","background-size":"auto","background-attachment":"scroll","background-type":"","background-media":"","overlay-type":"","overlay-color":"","overlay-opacity":"","overlay-gradient":""},"mobile":{"background-color":"var(--ast-global-color-5)","background-image":"","background-repeat":"repeat","background-position":"center center","background-size":"auto","background-attachment":"scroll","background-type":"","background-media":"","overlay-type":"","overlay-color":"","overlay-opacity":"","overlay-gradient":""}},"_jet_sm_ready_style":"","_jet_sm_style":"","_jet_sm_controls_values":"","_jet_sm_fonts_collection":"","_jet_sm_fonts_links":"","footnotes":""},"spoken-language":[149,150],"country":[119],"teacher-status":[74],"class_list":["post-7649","teachers","type-teachers","status-publish","hentry","spoken-language-anglais","spoken-language-francais","country-france-fr","teacher-status-professeur-roy-hart"],"publishpress_future_workflow_manual_trigger":{"enabledWorkflows":[]},"_links":{"self":[{"href":"https:\/\/centreroyhart.org\/fr\/wp-json\/wp\/v2\/teachers\/7649","targetHints":{"allow":["GET"]}}],"collection":[{"href":"https:\/\/centreroyhart.org\/fr\/wp-json\/wp\/v2\/teachers"}],"about":[{"href":"https:\/\/centreroyhart.org\/fr\/wp-json\/wp\/v2\/types\/teachers"}],"version-history":[{"count":5,"href":"https:\/\/centreroyhart.org\/fr\/wp-json\/wp\/v2\/teachers\/7649\/revisions"}],"predecessor-version":[{"id":34815,"href":"https:\/\/centreroyhart.org\/fr\/wp-json\/wp\/v2\/teachers\/7649\/revisions\/34815"}],"wp:attachment":[{"href":"https:\/\/centreroyhart.org\/fr\/wp-json\/wp\/v2\/media?parent=7649"}],"wp:term":[{"taxonomy":"spoken-language","embeddable":true,"href":"https:\/\/centreroyhart.org\/fr\/wp-json\/wp\/v2\/spoken-language?post=7649"},{"taxonomy":"country","embeddable":true,"href":"https:\/\/centreroyhart.org\/fr\/wp-json\/wp\/v2\/country?post=7649"},{"taxonomy":"teacher-status","embeddable":true,"href":"https:\/\/centreroyhart.org\/fr\/wp-json\/wp\/v2\/teacher-status?post=7649"}],"curies":[{"name":"wp","href":"https:\/\/api.w.org\/{rel}","templated":true}]}}

<p>Né dans le Somerset en Angleterre, Ivan a suivi le cursus scolaire Waldorf de Rudolf Steiner. Il est diplômé du Brighton College of Arts and Crafts où il a étudié les beaux-arts et la photographie. En 1971, alors qu’il travaillait en tant que photographe indépendant à Londres, il a participé au premier stage de voix du Théâtre Roy Hart et est devenu par la suite membre de la compagnie. </p>



<p>Ivan a participé à de nombreuses productions du Théâtre Roy Hart et s’est installé avec la compagnie à Malérargues, en France, où il a contribué à la création du Centre Artistique International Roy Hart. Depuis plus de 35 ans, se référant à son expertise dans le travail pionnier du Roy Hart Theatre en matière de voix et à son application dans la formation et le développement en leadership, Ivan a dirigé des séminaires et des stages corporatifs au niveau international dans un large éventail d’entreprises. </p>



<p>Il a enseigné au Centre for Executive Education de la Haas School of Business de l’Université de Californie à Berkeley (2009-2017), à l’Olin School of Business de l’Université de Washington, à St Louis, Missouri, à l’UCD Michael Smurfit Graduate Business School de Dublin, Irlande, et à la Berlin School of Creative Leadership en Allemagne. En plus d’enseigner et de jouer sur scène, Ivan a créé et est conservateur des archives photographiques du Théâtre Roy Hart. </p>



<p>Il est également co-fondateur et directeur des programmes de MidderighVox, qui propose dans le monde entier des formations sur le leadership, en matière de présence, d’écoute, d’expression, de communication et de storytelling. Il organise également des séminaires pour les professionnels du monde des affaires au Centre Artistique International Roy Hart. </p>



<p>Résident en France et citoyen du monde, ayant enseigné dans 20 pays et vécu au Royaume-Uni, en France, aux Pays-Bas, aux États-Unis, en Irlande et en Afrique du Sud, Ivan divise son temps aujourd’hui entre l’enseignement et les spectacles au siège du Théâtre Roy Hart à Malérargues, et la formation et l’animation de stages corporatifs autour du monde. Il joue actuellement le rôle de Sarastro dans la production de Zauber, mise en scène par Ian Magilton et inspirée de La Flûte enchantée de Mozart.</p>



<p>Ivan a travaillé avec Roy Hart, Dorothy Hart, Marita Günther, Derek Rossignol, Nadine George, Barry Coglan and Lucienne Deschamps.<br>Il parle l’anglais et le français.</p>



<p><strong>Contact :</strong> <br>E-mail : <a href="mailto:ivan.midderigh@mac.com">ivan.midderigh@mac.com</a>; <a href="https://roy-hart-theatre.com/teachers/ivan-midderigh/ivan@midderighvox.com" target="_blank" rel="noopener">ivan@midderighvox.com</a></p>



<p><strong>Sites Web :</strong><br><a href="https://www.midderighvox.com/" target="_blank" rel="noopener">https://www.midderighvox.com/</a><br><a href="http://www.ivanmidderigh.com/" target="_blank" rel="noopener">www.ivanmidderigh.com</a><br><a href="https://www.royharttheatrephotographicarchives.com/" target="_blank" rel="noopener">www. royharttheatrephotographicarchives.com </a></p>



<p><strong>iBook : </strong><br>The Roy Hart Theatre, A Personal Recollection iBook : <a href="https://itunes.apple.com/us/book/roy-hart-theatre/id972377822?mt=11" target="_blank" rel="noopener">Archives photographiques du Théâtre Roy Hart, Volume I</a></p>



<p></p>
