{"id":36631,"date":"2026-02-02T19:00:23","date_gmt":"2026-02-02T19:00:23","guid":{"rendered":"https:\/\/centreroyhart.org\/?post_type=workshops-worldwide&#038;p=36631"},"modified":"2026-02-02T20:00:18","modified_gmt":"2026-02-02T20:00:18","slug":"la-voix-vivante-2026","status":"publish","type":"workshops-worldwide","link":"https:\/\/centreroyhart.org\/fr\/workshops-worldwide\/la-voix-vivante-2026\/","title":{"rendered":"La voix vivante"},"content":{"rendered":"\n<p><strong>Description du stage :<br><\/strong>Notre voix est bien plus qu\u2019un simple outil pour parler : elle est l\u2019expression de notre vitalit\u00e9, de notre pr\u00e9sence et de notre v\u00e9rit\u00e9 int\u00e9rieure. Dans cet atelier, nous red\u00e9couvrons la voix comme espace corporel, champ de r\u00e9sonance et source \u00e9motionnelle.<\/p>\n\n\n\n<p>\u00ab La voix vivante \u00bb invite \u00e0 explorer ses propres espaces sonores, \u00e0 repousser doucement ses limites et \u00e0 utiliser la puissance naturelle de la respiration et du chant. Gr\u00e2ce \u00e0 la perception corporelle, \u00e0 des exercices vocaux simples, \u00e0 des exp\u00e9riences sonores et \u00e0 des chants collectifs, un espace se cr\u00e9e dans lequel la voix n\u2019est pas \u00e9valu\u00e9e, mais peut jouer, explorer et s\u2019\u00e9panouir.<\/p>\n\n\n\n<p>Nous explorons comment la voix se forme, comment elle change lorsque nous nous sentons en s\u00e9curit\u00e9 et comment elle nous aide \u00e0 entrer en contact de mani\u00e8re authentique avec nous-m\u00eames et avec les autres. En respectant le niveau de chacun, nous b\u00e2tissons des ponts entre sensations, libert\u00e9, expression et performance.<\/p>\n\n\n\n<p>Ce stage de 5 jours, du 6 au 10 juillet, s\u2019adresse \u00e0 tous ceux qui souhaitent renforcer, lib\u00e9rer ou red\u00e9couvrir leur voix, qu\u2019ils soient orateurs, chanteurs ou simplement des personnes qui souhaitent se sentir plus vivantes.<\/p>\n\n\n\n<p><strong>Tarifs :<\/strong><br>Stage : 500\u20ac<br>H\u00e9bergement : 5\u20ac d\u2019adh\u00e9sion \u00e0 l\u2019association du gite + h\u00e9bergement de 15\u20ac \u00e0 30\u20ac par nuit par personne<\/p>\n\n\n\n<p><strong>Lieu :<\/strong><br>G\u00eete des Baconnets, \u00e0 5km de Saillans, dans la Dr\u00f4me, France.<\/p>\n\n\n\n<p><strong>Inscription et Contact :<br><\/strong>Tel : 06 64 21 04 65<\/p>\n","protected":false},"template":"","meta":{"site-sidebar-layout":"default","site-content-layout":"","ast-site-content-layout":"default","site-content-style":"default","site-sidebar-style":"default","ast-global-header-display":"","ast-banner-title-visibility":"","ast-main-header-display":"","ast-hfb-above-header-display":"","ast-hfb-below-header-display":"","ast-hfb-mobile-header-display":"","site-post-title":"","ast-breadcrumbs-content":"","ast-featured-img":"","footer-sml-layout":"","ast-disable-related-posts":"","theme-transparent-header-meta":"","adv-header-id-meta":"","stick-header-meta":"","header-above-stick-meta":"","header-main-stick-meta":"","header-below-stick-meta":"","astra-migrate-meta-layouts":"default","ast-page-background-enabled":"default","ast-page-background-meta":{"desktop":{"background-color":"var(--ast-global-color-4)","background-image":"","background-repeat":"repeat","background-position":"center center","background-size":"auto","background-attachment":"scroll","background-type":"","background-media":"","overlay-type":"","overlay-color":"","overlay-opacity":"","overlay-gradient":""},"tablet":{"background-color":"","background-image":"","background-repeat":"repeat","background-position":"center center","background-size":"auto","background-attachment":"scroll","background-type":"","background-media":"","overlay-type":"","overlay-color":"","overlay-opacity":"","overlay-gradient":""},"mobile":{"background-color":"","background-image":"","background-repeat":"repeat","background-position":"center center","background-size":"auto","background-attachment":"scroll","background-type":"","background-media":"","overlay-type":"","overlay-color":"","overlay-opacity":"","overlay-gradient":""}},"ast-content-background-meta":{"desktop":{"background-color":"var(--ast-global-color-5)","background-image":"","background-repeat":"repeat","background-position":"center center","background-size":"auto","background-attachment":"scroll","background-type":"","background-media":"","overlay-type":"","overlay-color":"","overlay-opacity":"","overlay-gradient":""},"tablet":{"background-color":"var(--ast-global-color-5)","background-image":"","background-repeat":"repeat","background-position":"center center","background-size":"auto","background-attachment":"scroll","background-type":"","background-media":"","overlay-type":"","overlay-color":"","overlay-opacity":"","overlay-gradient":""},"mobile":{"background-color":"var(--ast-global-color-5)","background-image":"","background-repeat":"repeat","background-position":"center center","background-size":"auto","background-attachment":"scroll","background-type":"","background-media":"","overlay-type":"","overlay-color":"","overlay-opacity":"","overlay-gradient":""}},"_jet_sm_ready_style":"","_jet_sm_style":"","_jet_sm_controls_values":"","_jet_sm_fonts_collection":"","_jet_sm_fonts_links":"","footnotes":""},"level":[78],"class_list":["post-36631","workshops-worldwide","type-workshops-worldwide","status-publish","hentry","level-ouvert-a-tous"],"publishpress_future_workflow_manual_trigger":{"enabledWorkflows":[]},"_links":{"self":[{"href":"https:\/\/centreroyhart.org\/fr\/wp-json\/wp\/v2\/workshops-worldwide\/36631","targetHints":{"allow":["GET"]}}],"collection":[{"href":"https:\/\/centreroyhart.org\/fr\/wp-json\/wp\/v2\/workshops-worldwide"}],"about":[{"href":"https:\/\/centreroyhart.org\/fr\/wp-json\/wp\/v2\/types\/workshops-worldwide"}],"version-history":[{"count":5,"href":"https:\/\/centreroyhart.org\/fr\/wp-json\/wp\/v2\/workshops-worldwide\/36631\/revisions"}],"predecessor-version":[{"id":36644,"href":"https:\/\/centreroyhart.org\/fr\/wp-json\/wp\/v2\/workshops-worldwide\/36631\/revisions\/36644"}],"wp:attachment":[{"href":"https:\/\/centreroyhart.org\/fr\/wp-json\/wp\/v2\/media?parent=36631"}],"wp:term":[{"taxonomy":"level","embeddable":true,"href":"https:\/\/centreroyhart.org\/fr\/wp-json\/wp\/v2\/level?post=36631"}],"curies":[{"name":"wp","href":"https:\/\/api.w.org\/{rel}","templated":true}]}}

<p><strong>Description du stage :<br></strong>Notre voix est bien plus qu’un simple outil pour parler : elle est l’expression de notre vitalité, de notre présence et de notre vérité intérieure. Dans cet atelier, nous redécouvrons la voix comme espace corporel, champ de résonance et source émotionnelle.</p>



<p>« La voix vivante » invite à explorer ses propres espaces sonores, à repousser doucement ses limites et à utiliser la puissance naturelle de la respiration et du chant. Grâce à la perception corporelle, à des exercices vocaux simples, à des expériences sonores et à des chants collectifs, un espace se crée dans lequel la voix n’est pas évaluée, mais peut jouer, explorer et s’épanouir.</p>



<p>Nous explorons comment la voix se forme, comment elle change lorsque nous nous sentons en sécurité et comment elle nous aide à entrer en contact de manière authentique avec nous-mêmes et avec les autres. En respectant le niveau de chacun, nous bâtissons des ponts entre sensations, liberté, expression et performance.</p>



<p>Ce stage de 5 jours, du 6 au 10 juillet, s’adresse à tous ceux qui souhaitent renforcer, libérer ou redécouvrir leur voix, qu’ils soient orateurs, chanteurs ou simplement des personnes qui souhaitent se sentir plus vivantes.</p>



<p><strong>Tarifs :</strong><br>Stage : 500€<br>Hébergement : 5€ d’adhésion à l’association du gite + hébergement de 15€ à 30€ par nuit par personne</p>



<p><strong>Lieu :</strong><br>Gîte des Baconnets, à 5km de Saillans, dans la Drôme, France.</p>



<p><strong>Inscription et Contact :<br></strong>Tel : 06 64 21 04 65</p>
