{"id":36666,"date":"2026-02-02T21:09:50","date_gmt":"2026-02-02T21:09:50","guid":{"rendered":"https:\/\/centreroyhart.org\/?post_type=workshops-worldwide&#038;p=36666"},"modified":"2026-02-02T21:12:47","modified_gmt":"2026-02-02T21:12:47","slug":"le-tissage-de-la-voix-du-corps-et-de-la-terre","status":"publish","type":"workshops-worldwide","link":"https:\/\/centreroyhart.org\/fr\/workshops-worldwide\/le-tissage-de-la-voix-du-corps-et-de-la-terre\/","title":{"rendered":"Le Tissage de la Voix, du Corps et de la Terre"},"content":{"rendered":"\n<p><strong>Description du stage :<br><\/strong>On se retrouve sur cette \u00eele sp\u00e9ciale d\u2019Andros, en Gr\u00e8ce, qui est en soi transformatrice, pour un stage de 5 jours o\u00f9 on va explorer en profondeur la nature, la perception, la voix et le corps.<\/p>\n\n\n\n<p>On va proposer un cadre d\u2019exercices, de questions et de pratiques perceptives pour cr\u00e9er un espace et un temps qui te permettront de te connecter aux couches les plus subtiles de ton existence, afin de laisser \u00e9merger ce qui est moins \u00e9vident et de le mettre au service de ta cr\u00e9ativit\u00e9.<\/p>\n\n\n\n<p>Apr\u00e8s l\u2019exp\u00e9rience profonde de nos deux premiers stages dans cette vall\u00e9e, on a tout de suite fix\u00e9 de nouvelles dates pour 2026. \u00c7a a \u00e9t\u00e9 gratifiant de travailler avec cette terre et de voir comment notre voyage a renforc\u00e9 le sentiment d\u2019interconnexion, qui a \u00e0 son tour influenc\u00e9 la voix et notre sentiment d\u2019appartenance et de faire partie de la Terre.<\/p>\n\n\n\n<p>Les journ\u00e9es comprendront des explorations vocales et physiques (en int\u00e9rieur) bas\u00e9es sur le travail vocal du&nbsp;Roy Hart&nbsp;Center et la technique Alexander, ainsi que des pratiques sp\u00e9cifiques en ext\u00e9rieur dans le magnifique environnement naturel d\u2019Andros, bas\u00e9es sur l\u2019exp\u00e9rience de Susanne en tant que guide de qu\u00eate de vision. Andros, et en particulier la vall\u00e9e de Palaiopolis, avec son site arch\u00e9ologique, ses sources et la mer \u00c9g\u00e9e, poss\u00e8de une vitalit\u00e9 qui offre un cadre prometteur pour d\u00e9couvrir notre relation \u00e0 l\u2019espace naturel, \u00e0 sa sagesse et \u00e0 sa g\u00e9n\u00e9rosit\u00e9.<\/p>\n\n\n\n<p>Nous travaillerons en groupe, mais aussi individuellement, afin de pouvoir pr\u00eater attention au parcours particulier de chaque personne tout au long de la semaine.<\/p>\n\n\n\n<p>Le stage se d\u00e9roulera du 22 au 26 septembre 2026. Le 27 septembre, Christiane et Susanne seront disponibles pour des s\u00e9ances individuelles d\u2019int\u00e9gration ou d\u2019approfondissement du processus, \u00e0 r\u00e9server s\u00e9par\u00e9ment.<\/p>\n\n\n\n<p>Aucune exp\u00e9rience musicale ou artistique pr\u00e9alable n\u2019est n\u00e9cessaire.<\/p>\n\n\n\n<p>Les d\u00e9jeuners sont inclus dans le prix du stage, mais l\u2019h\u00e9bergement et le voyage sont \u00e0 la charge des participants. N\u2019h\u00e9site pas \u00e0 nous contacter si tu veux des conseils pour l\u2019h\u00e9bergement. Il y a diff\u00e9rentes options selon ce que tu veux et ce dont tu as besoin.<\/p>\n\n\n\n<p>Remarque : l\u2019atelier comprend 1 \u00e0 2 heures de marche en mont\u00e9e et en descente, parfois sur un terrain tr\u00e8s irr\u00e9gulier. Assure-toi d\u2019apporter de bonnes chaussures, une protection solaire et une bouteille d\u2019eau. Contacte-nous si tu veux plus de d\u00e9tails.<\/p>\n\n\n\n<p><strong>Tarifs :<\/strong><br>\u2013 710 \u20ac pour les inscriptions avant le 1er f\u00e9vrier (comprend 5 repas \u00e0 10 \u20ac chacun, pr\u00e9par\u00e9s par notre voisin local) \u00e0 confirmer avant le 25 novembre.<br>\u2013 760 \u20ac prix normal<br>\u2013 800 \u20ac prix de soutien<br>\u2013 Acompte : 300 \u20ac<\/p>\n\n\n\n<p><strong>Inscription et Contact :<br><\/strong>Pour t\u2019inscrire ou si t\u2019as des questions, n\u2019h\u00e9site pas \u00e0 nous contacter :<br>\u2013 Christiane :&nbsp;<a href=\"mailto:christianehommelsheim@gmail.com\">christianehommelsheim@gmail.com<\/a>&nbsp; \u2013&nbsp;&nbsp;<a href=\"https:\/\/www.christianehommelsheim.de\/\" target=\"_blank\" rel=\"noopener\">www.christianehommelsheim.de<\/a><br>\u2013 Susanne :&nbsp;<a href=\"mailto:kontakt@susannefeld.de\">kontakt@susannefeld.de<\/a>&nbsp; \u2013&nbsp;&nbsp;<a href=\"https:\/\/www.susannefeld.com\/\" target=\"_blank\" rel=\"noopener\">www.susannefeld.com<\/a><\/p>\n","protected":false},"template":"","meta":{"site-sidebar-layout":"default","site-content-layout":"","ast-site-content-layout":"default","site-content-style":"default","site-sidebar-style":"default","ast-global-header-display":"","ast-banner-title-visibility":"","ast-main-header-display":"","ast-hfb-above-header-display":"","ast-hfb-below-header-display":"","ast-hfb-mobile-header-display":"","site-post-title":"","ast-breadcrumbs-content":"","ast-featured-img":"","footer-sml-layout":"","ast-disable-related-posts":"","theme-transparent-header-meta":"","adv-header-id-meta":"","stick-header-meta":"","header-above-stick-meta":"","header-main-stick-meta":"","header-below-stick-meta":"","astra-migrate-meta-layouts":"default","ast-page-background-enabled":"default","ast-page-background-meta":{"desktop":{"background-color":"var(--ast-global-color-4)","background-image":"","background-repeat":"repeat","background-position":"center center","background-size":"auto","background-attachment":"scroll","background-type":"","background-media":"","overlay-type":"","overlay-color":"","overlay-opacity":"","overlay-gradient":""},"tablet":{"background-color":"","background-image":"","background-repeat":"repeat","background-position":"center center","background-size":"auto","background-attachment":"scroll","background-type":"","background-media":"","overlay-type":"","overlay-color":"","overlay-opacity":"","overlay-gradient":""},"mobile":{"background-color":"","background-image":"","background-repeat":"repeat","background-position":"center center","background-size":"auto","background-attachment":"scroll","background-type":"","background-media":"","overlay-type":"","overlay-color":"","overlay-opacity":"","overlay-gradient":""}},"ast-content-background-meta":{"desktop":{"background-color":"var(--ast-global-color-5)","background-image":"","background-repeat":"repeat","background-position":"center center","background-size":"auto","background-attachment":"scroll","background-type":"","background-media":"","overlay-type":"","overlay-color":"","overlay-opacity":"","overlay-gradient":""},"tablet":{"background-color":"var(--ast-global-color-5)","background-image":"","background-repeat":"repeat","background-position":"center center","background-size":"auto","background-attachment":"scroll","background-type":"","background-media":"","overlay-type":"","overlay-color":"","overlay-opacity":"","overlay-gradient":""},"mobile":{"background-color":"var(--ast-global-color-5)","background-image":"","background-repeat":"repeat","background-position":"center center","background-size":"auto","background-attachment":"scroll","background-type":"","background-media":"","overlay-type":"","overlay-color":"","overlay-opacity":"","overlay-gradient":""}},"_jet_sm_ready_style":"","_jet_sm_style":"","_jet_sm_controls_values":"","_jet_sm_fonts_collection":"","_jet_sm_fonts_links":"","footnotes":""},"level":[78],"class_list":["post-36666","workshops-worldwide","type-workshops-worldwide","status-publish","hentry","level-ouvert-a-tous"],"publishpress_future_workflow_manual_trigger":{"enabledWorkflows":[]},"_links":{"self":[{"href":"https:\/\/centreroyhart.org\/fr\/wp-json\/wp\/v2\/workshops-worldwide\/36666","targetHints":{"allow":["GET"]}}],"collection":[{"href":"https:\/\/centreroyhart.org\/fr\/wp-json\/wp\/v2\/workshops-worldwide"}],"about":[{"href":"https:\/\/centreroyhart.org\/fr\/wp-json\/wp\/v2\/types\/workshops-worldwide"}],"version-history":[{"count":4,"href":"https:\/\/centreroyhart.org\/fr\/wp-json\/wp\/v2\/workshops-worldwide\/36666\/revisions"}],"predecessor-version":[{"id":36690,"href":"https:\/\/centreroyhart.org\/fr\/wp-json\/wp\/v2\/workshops-worldwide\/36666\/revisions\/36690"}],"wp:attachment":[{"href":"https:\/\/centreroyhart.org\/fr\/wp-json\/wp\/v2\/media?parent=36666"}],"wp:term":[{"taxonomy":"level","embeddable":true,"href":"https:\/\/centreroyhart.org\/fr\/wp-json\/wp\/v2\/level?post=36666"}],"curies":[{"name":"wp","href":"https:\/\/api.w.org\/{rel}","templated":true}]}}

<p><strong>Description du stage :<br></strong>On se retrouve sur cette île spéciale d’Andros, en Grèce, qui est en soi transformatrice, pour un stage de 5 jours où on va explorer en profondeur la nature, la perception, la voix et le corps.</p>



<p>On va proposer un cadre d’exercices, de questions et de pratiques perceptives pour créer un espace et un temps qui te permettront de te connecter aux couches les plus subtiles de ton existence, afin de laisser émerger ce qui est moins évident et de le mettre au service de ta créativité.</p>



<p>Après l’expérience profonde de nos deux premiers stages dans cette vallée, on a tout de suite fixé de nouvelles dates pour 2026. Ça a été gratifiant de travailler avec cette terre et de voir comment notre voyage a renforcé le sentiment d’interconnexion, qui a à son tour influencé la voix et notre sentiment d’appartenance et de faire partie de la Terre.</p>



<p>Les journées comprendront des explorations vocales et physiques (en intérieur) basées sur le travail vocal du&nbsp;Roy Hart&nbsp;Center et la technique Alexander, ainsi que des pratiques spécifiques en extérieur dans le magnifique environnement naturel d’Andros, basées sur l’expérience de Susanne en tant que guide de quête de vision. Andros, et en particulier la vallée de Palaiopolis, avec son site archéologique, ses sources et la mer Égée, possède une vitalité qui offre un cadre prometteur pour découvrir notre relation à l’espace naturel, à sa sagesse et à sa générosité.</p>



<p>Nous travaillerons en groupe, mais aussi individuellement, afin de pouvoir prêter attention au parcours particulier de chaque personne tout au long de la semaine.</p>



<p>Le stage se déroulera du 22 au 26 septembre 2026. Le 27 septembre, Christiane et Susanne seront disponibles pour des séances individuelles d’intégration ou d’approfondissement du processus, à réserver séparément.</p>



<p>Aucune expérience musicale ou artistique préalable n’est nécessaire.</p>



<p>Les déjeuners sont inclus dans le prix du stage, mais l’hébergement et le voyage sont à la charge des participants. N’hésite pas à nous contacter si tu veux des conseils pour l’hébergement. Il y a différentes options selon ce que tu veux et ce dont tu as besoin.</p>



<p>Remarque : l’atelier comprend 1 à 2 heures de marche en montée et en descente, parfois sur un terrain très irrégulier. Assure-toi d’apporter de bonnes chaussures, une protection solaire et une bouteille d’eau. Contacte-nous si tu veux plus de détails.</p>



<p><strong>Tarifs :</strong><br>– 710 € pour les inscriptions avant le 1er février (comprend 5 repas à 10 € chacun, préparés par notre voisin local) à confirmer avant le 25 novembre.<br>– 760 € prix normal<br>– 800 € prix de soutien<br>– Acompte : 300 €</p>



<p><strong>Inscription et Contact :<br></strong>Pour t’inscrire ou si t’as des questions, n’hésite pas à nous contacter :<br>– Christiane :&nbsp;<a href="mailto:christianehommelsheim@gmail.com">christianehommelsheim@gmail.com</a>&nbsp; –&nbsp;&nbsp;<a href="https://www.christianehommelsheim.de/" target="_blank" rel="noopener">www.christianehommelsheim.de</a><br>– Susanne :&nbsp;<a href="mailto:kontakt@susannefeld.de">kontakt@susannefeld.de</a>&nbsp; –&nbsp;&nbsp;<a href="https://www.susannefeld.com/" target="_blank" rel="noopener">www.susannefeld.com</a></p>
