{"id":24072,"date":"2025-03-26T19:59:47","date_gmt":"2025-03-26T19:59:47","guid":{"rendered":"https:\/\/centreroyhart.org\/?post_type=workshops&#038;p=24072"},"modified":"2025-12-31T14:17:08","modified_gmt":"2025-12-31T14:17:08","slug":"le-chant-de-linstant-octobre-2025","status":"publish","type":"workshops","link":"https:\/\/centreroyhart.org\/fr\/stages\/le-chant-de-linstant-octobre-2025\/","title":{"rendered":"Le chant de l\u2019instant"},"content":{"rendered":"\n<p>V\u00e9ronique et Maryline vous proposent d\u2019aborder l\u2019improvisation vocale comme un chemin de connaissance de soi, menant \u00e0 une relation toujours plus authentique \u00e0 vous-m\u00eame, aux autres, au monde. Chanteuses et improvisatrices, elles vous accompagneront en douceur pour laisser s\u2019exprimer votre musique int\u00e9rieure par le chant improvis\u00e9. Elles vous apporteront des outils autour de la composition instantan\u00e9e, corporelle, vocale et musicale, que ce soit par l\u2019\u00e9coute intuitive, le rythme, l\u2019intention, les personnages imaginaires, le rapport au silence, les contrastes\u2026 <\/p>\n\n\n\n<p>Vous aborderez des notions comme la m\u00e9lodie, l\u2019unisson, le contrepoint ou le grommelos. Vous ouvrant pleinement \u00e0 votre respiration, \u00e0 vos \u00e9motions et perceptions sensorielles, aux images et histoires issues de votre imaginaire, l\u2019inspiration musicale se r\u00e9v\u00e9lera. Des temps de recherche en profondeur et des jeux ludiques alterneront, vous amenant \u00e0 explorer l\u2019\u00e9tendue des registres, les espaces de r\u00e9sonance et les diff\u00e9rentes mati\u00e8res de votre voix, ce qui nourrira votre inspiration. Dans cet espace de libert\u00e9 artistique, d\u00e9veloppant \u00e9coute, pr\u00e9sence et go\u00fbtant la joie des sons, attentifs \u00e0 ce qui a envie de se dire ou de se chanter, vous partagerez le vivant en vous et laisserez surgir votre potentiel vocal illimit\u00e9 pour rencontrer la beaut\u00e9 de l\u2019instant pr\u00e9sent. <\/p>\n\n\n\n<p>Au programme: pr\u00e9paration corporelle et vocale, le\u00e7ons individuelles et collectives, sessions d\u2019exploration vocale, m\u00e9ditations, improvisations. Instruments bienvenus !<\/p>\n\n\n\n<p><strong>Horaires <\/strong>: mardi au samedi : 9h-12h30 + 14h30-17h30 &amp; dimanche 9h-12h30<\/p>\n","protected":false},"template":"","meta":{"site-sidebar-layout":"default","site-content-layout":"","ast-site-content-layout":"default","site-content-style":"default","site-sidebar-style":"default","ast-global-header-display":"","ast-banner-title-visibility":"","ast-main-header-display":"","ast-hfb-above-header-display":"","ast-hfb-below-header-display":"","ast-hfb-mobile-header-display":"","site-post-title":"","ast-breadcrumbs-content":"","ast-featured-img":"","footer-sml-layout":"","ast-disable-related-posts":"","theme-transparent-header-meta":"","adv-header-id-meta":"","stick-header-meta":"","header-above-stick-meta":"","header-main-stick-meta":"","header-below-stick-meta":"","astra-migrate-meta-layouts":"default","ast-page-background-enabled":"default","ast-page-background-meta":{"desktop":{"background-color":"var(--ast-global-color-4)","background-image":"","background-repeat":"repeat","background-position":"center center","background-size":"auto","background-attachment":"scroll","background-type":"","background-media":"","overlay-type":"","overlay-color":"","overlay-opacity":"","overlay-gradient":""},"tablet":{"background-color":"","background-image":"","background-repeat":"repeat","background-position":"center center","background-size":"auto","background-attachment":"scroll","background-type":"","background-media":"","overlay-type":"","overlay-color":"","overlay-opacity":"","overlay-gradient":""},"mobile":{"background-color":"","background-image":"","background-repeat":"repeat","background-position":"center center","background-size":"auto","background-attachment":"scroll","background-type":"","background-media":"","overlay-type":"","overlay-color":"","overlay-opacity":"","overlay-gradient":""}},"ast-content-background-meta":{"desktop":{"background-color":"var(--ast-global-color-5)","background-image":"","background-repeat":"repeat","background-position":"center center","background-size":"auto","background-attachment":"scroll","background-type":"","background-media":"","overlay-type":"","overlay-color":"","overlay-opacity":"","overlay-gradient":""},"tablet":{"background-color":"var(--ast-global-color-5)","background-image":"","background-repeat":"repeat","background-position":"center center","background-size":"auto","background-attachment":"scroll","background-type":"","background-media":"","overlay-type":"","overlay-color":"","overlay-opacity":"","overlay-gradient":""},"mobile":{"background-color":"var(--ast-global-color-5)","background-image":"","background-repeat":"repeat","background-position":"center center","background-size":"auto","background-attachment":"scroll","background-type":"","background-media":"","overlay-type":"","overlay-color":"","overlay-opacity":"","overlay-gradient":""}},"_jet_sm_ready_style":"","_jet_sm_style":"","_jet_sm_controls_values":"","_jet_sm_fonts_collection":"","_jet_sm_fonts_links":"","footnotes":""},"level":[78],"workshop-year":[84],"season":[328],"class_list":["post-24072","workshops","type-workshops","status-publish","hentry","level-ouvert-a-tous","workshop-year-stages-2025","season-archives"],"publishpress_future_action":{"enabled":false,"date":"2026-05-08 13:18:35","action":"change-status","newStatus":"draft","terms":[],"taxonomy":"type-workshop","extraData":[]},"publishpress_future_workflow_manual_trigger":{"enabledWorkflows":[]},"_links":{"self":[{"href":"https:\/\/centreroyhart.org\/fr\/wp-json\/wp\/v2\/workshops\/24072","targetHints":{"allow":["GET"]}}],"collection":[{"href":"https:\/\/centreroyhart.org\/fr\/wp-json\/wp\/v2\/workshops"}],"about":[{"href":"https:\/\/centreroyhart.org\/fr\/wp-json\/wp\/v2\/types\/workshops"}],"version-history":[{"count":4,"href":"https:\/\/centreroyhart.org\/fr\/wp-json\/wp\/v2\/workshops\/24072\/revisions"}],"predecessor-version":[{"id":35858,"href":"https:\/\/centreroyhart.org\/fr\/wp-json\/wp\/v2\/workshops\/24072\/revisions\/35858"}],"wp:attachment":[{"href":"https:\/\/centreroyhart.org\/fr\/wp-json\/wp\/v2\/media?parent=24072"}],"wp:term":[{"taxonomy":"level","embeddable":true,"href":"https:\/\/centreroyhart.org\/fr\/wp-json\/wp\/v2\/level?post=24072"},{"taxonomy":"workshop-year","embeddable":true,"href":"https:\/\/centreroyhart.org\/fr\/wp-json\/wp\/v2\/workshop-year?post=24072"},{"taxonomy":"season","embeddable":true,"href":"https:\/\/centreroyhart.org\/fr\/wp-json\/wp\/v2\/season?post=24072"}],"curies":[{"name":"wp","href":"https:\/\/api.w.org\/{rel}","templated":true}]}}

<p>Véronique et Maryline vous proposent d’aborder l’improvisation vocale comme un chemin de connaissance de soi, menant à une relation toujours plus authentique à vous-même, aux autres, au monde. Chanteuses et improvisatrices, elles vous accompagneront en douceur pour laisser s’exprimer votre musique intérieure par le chant improvisé. Elles vous apporteront des outils autour de la composition instantanée, corporelle, vocale et musicale, que ce soit par l’écoute intuitive, le rythme, l’intention, les personnages imaginaires, le rapport au silence, les contrastes… </p>



<p>Vous aborderez des notions comme la mélodie, l’unisson, le contrepoint ou le grommelos. Vous ouvrant pleinement à votre respiration, à vos émotions et perceptions sensorielles, aux images et histoires issues de votre imaginaire, l’inspiration musicale se révélera. Des temps de recherche en profondeur et des jeux ludiques alterneront, vous amenant à explorer l’étendue des registres, les espaces de résonance et les différentes matières de votre voix, ce qui nourrira votre inspiration. Dans cet espace de liberté artistique, développant écoute, présence et goûtant la joie des sons, attentifs à ce qui a envie de se dire ou de se chanter, vous partagerez le vivant en vous et laisserez surgir votre potentiel vocal illimité pour rencontrer la beauté de l’instant présent. </p>



<p>Au programme: préparation corporelle et vocale, leçons individuelles et collectives, sessions d’exploration vocale, méditations, improvisations. Instruments bienvenus !</p>



<p><strong>Horaires </strong>: mardi au samedi : 9h-12h30 + 14h30-17h30 &amp; dimanche 9h-12h30</p>
