{"id":36307,"date":"2026-01-26T17:59:04","date_gmt":"2026-01-26T17:59:04","guid":{"rendered":"https:\/\/centreroyhart.org\/?post_type=workshops&#038;p=36307"},"modified":"2026-03-02T17:25:38","modified_gmt":"2026-03-02T17:25:38","slug":"la-voix-outil-dexpression-et-de-transmission-2026","status":"publish","type":"workshops","link":"https:\/\/centreroyhart.org\/fr\/stages\/la-voix-outil-dexpression-et-de-transmission-2026\/","title":{"rendered":"La voix : outil d\u2019expression et de transmission"},"content":{"rendered":"\t\t<div data-elementor-type=\"wp-post\" data-elementor-id=\"36307\" class=\"elementor elementor-36307\" data-elementor-post-type=\"workshops\">\n\t\t\t\t<div class=\"elementor-element elementor-element-4d5c6fe6 e-flex e-con-boxed e-con e-parent\" data-id=\"4d5c6fe6\" data-element_type=\"container\" data-e-type=\"container\" data-settings=\"{&quot;jet_parallax_layout_list&quot;:[]}\">\n\t\t\t\t\t<div class=\"e-con-inner\">\n\t\t\t\t<div class=\"elementor-element elementor-element-68936c4e elementor-widget elementor-widget-text-editor\" data-id=\"68936c4e\" data-element_type=\"widget\" data-e-type=\"widget\" data-widget_type=\"text-editor.default\">\n\t\t\t\t\t\t\t\t\t<p><span style=\"color: #000000;\"><strong>STAGE RSERVE AUX FRANCOPHONES.<\/strong><\/span><\/p><p><strong>ATTENTION :<br \/><\/strong>\u2013 l\u2019inscription et le paiement pour ce stage se font \u00e0\u00a0<a href=\"mailto:formation@illusion-macadam.fr\">formation@illusion-macadam.fr<\/a><br \/>\u2013 l\u2019inscription et le paiement pour le g\u00eete et l\u2019adh\u00e9sion se font au Centre de voix Roy Hart, contactez B\u00e9atrice\u00a0<a href=\"mailto:contact@centreroyhart.org\">contact@centreroyhart.org<\/a><\/p><p><strong>PUBLIC CIBLE<br \/><\/strong>Cette formation s\u2019adresse principalement aux professionnels du spectacle vivant, qu\u2019ils soient acteurs, chanteurs, orateurs ou autres artistes utilisant leur voix dans leur pratique quotidienne.<\/p><p><strong>PR\u00c9 REQUIS<br \/><\/strong>Une certaine connaissance ou pratique de la voix est recommand\u00e9e, bien que non indispensable. Il est important que les participants soient francophones afin de garantir une compr\u00e9hension optimale des exercices et des concepts abord\u00e9s. Les participants devront \u00eatre capables de travailler en groupe et de s\u2019impliquer dans des exercices pratiques.<\/p><p><strong>OBJECTIFS P\u00c9DAGOGIQUES<br \/><\/strong>&#8211; Int\u00e9grer plus consciemment l\u2019outil voix dans sa pratique professionnelle.Approfondir sa pr\u00e9sence sc\u00e9nique en \u00e9tant plus enracin\u00e9s dans leur registre vocal.<br \/>&#8211; Poser sa voix dans les carrefours de r\u00e9sonances corporelles et d\u00e9velopper une conscience respiratoire dynamique.<br \/>&#8211; Disposer de toute sa palette de sons en hauteurs, timbres et intensit\u00e9s<br \/>&#8211; Enrichir sa transmission orale en alliant diction et articulation.<br \/>&#8211; Ma\u00eetriser sa justesse et sa musicalit\u00e9<br \/>&#8211; Savoir g\u00e9rer le trac<\/p><p>A la fin de la formation, les stagiaires seront en mesure de :<br \/>G\u00e9rer son souffle, placer sa voix selon ses besoins<br \/>Avoir une conscience posturale<br \/>Ma\u00eetriser une palette d\u2019expressions vocales<br \/>Prendre confiance pour la prise de parole en public<\/p><p><strong>CONTENU<br \/><\/strong>Le contenu de cette formation est riche et vari\u00e9, con\u00e7u pour atteindre les objectifs p\u00e9dagogiques fix\u00e9s. Les journ\u00e9es sont structur\u00e9es de mani\u00e8re \u00e0 favoriser un apprentissage progressif. Ainsi, chaque jour d\u00e9butera par un travail d\u2019\u00e9chauffement en collectif, incluant des jeux et des improvisations corporelles, respiratoires et vocales. Les participants s\u2019engageront ensuite dans des exercices individuels de techniques vocales et respiratoires appliqu\u00e9es \u00e0 la voix parl\u00e9e et chant\u00e9e, des temps de travail vocal collectif et des ateliers de mise en situation.<br \/>Tout au long de la formation, les stagiaires seront amen\u00e9s \u00e0 travailler sur :<br \/>&#8211; la technique vocale (respiration, articulation, diction, r\u00e9sonances, timbre, justesse) permettant la structuration et l\u2019int\u00e9gration de gestes fondamentaux pour la bonne sant\u00e9 de la voix la ma\u00eetrise de sa voix en groupe les techniques d\u2019interpr\u00e9tation (mise en situation, analyse des textes) <br \/>&#8211; la pr\u00e9paration corporelle respiratoire et vocale (exercice de projection de la voix, entra\u00eenement vocaux)<\/p><p>Avant le d\u00e9but de la formation, chaque stagiaire sera amen\u00e9 \u00e0 s\u00e9lectionner une mati\u00e8re (chant, texte, conf\u00e9rence, etc.) en lien avec son activit\u00e9 professionnelle.<br \/>L\u2019apprentissage tout au long de la formation s\u2019appuiera sur cette mati\u00e8re, afin de mettre en situation imm\u00e9diatement les acquis th\u00e9oriques de chaque journ\u00e9e. En fin de formation, les stagiaires pr\u00e9senteront leurs projets individuels.<br \/>Cette formation sera ponctu\u00e9e par des feedbacks des intervenants, permettant une \u00e9valuation des acquis et des retours d\u2019exp\u00e9rience des stagiaires.<\/p><p><strong>M\u00c9THODE P\u00c9DAGOGIQUE<br \/><\/strong>La formation aura lieu en pr\u00e9sentiel.<br \/>Les modalit\u00e9s p\u00e9dagogiques adopt\u00e9es tout au long de la formation visent \u00e0 garantir un apprentissage efficace et dynamique.<br \/>Les entra\u00eenements et ateliers seront bas\u00e9s sur des mises en situation individuelles, favorisant l\u2019utilisation de leur choix de mati\u00e8re.<br \/>Les participants b\u00e9n\u00e9ficieront \u00e9galement de feedbacks personnalis\u00e9s du professeur, qui fournira ses recommandations pour am\u00e9liorer leur pratique.<\/p><p><strong>MOYENS ET SUPPORTS P\u00c9DAGOGIQUES<br \/><\/strong>Les stagiaires auront acc\u00e8s \u00e0 un ensemble de ressources p\u00e9dagogiques tout au long de la formation, comprenant :<br \/>&#8211; Documents de travail fournis par les professeurs, incluant des planches anatomiques et d\u2019autres supports p\u00e9dagogiques.<br \/>&#8211; Un acc\u00e8s aux archives du Centre de Voix Roy Hart, enrichissant l\u2019exp\u00e9rience d\u2019apprentissage. <br \/>&#8211; Une salle de travail adapt\u00e9e (tapis, b\u00e2tons,\u2026) favorisant un cadre propice \u00e0 l\u2019apprentissage.<\/p><p><strong>MODALIT\u00c9S D\u2019\u00c9VALUATION<\/strong><br \/>Pour garantir que les stagiaires atteignent les objectifs de formation, plusieurs modalit\u00e9s d\u2019\u00e9valuation seront mises en place :<br \/>Une mise en situation o\u00f9 chaque participant pr\u00e9sentera son projet individuel \u00e0 la fin du stage. Un dialogue ouvert avec les participants, permettant des r\u00e9ponses \u00e0 leurs questions et des explications sur les techniques abord\u00e9es.<br \/>Les crit\u00e8res d\u2019\u00e9valuation incluront la qualit\u00e9 de pr\u00e9sence, l\u2019attitude dans le travail, et se baseront sur le travail vocal personnalis\u00e9 propos\u00e9 durant la formation.<\/p><p><strong>DUR\u00c9E, HORAIRES ET LIEU DE LA FORMATION<br \/><\/strong>Dur\u00e9e : 5 jours (25h)<br \/>Horaires : 10h\/13h &amp; 15h\/17h<br \/>Lieu : Centre de Voix Roy Hart \u2013 Ch\u00e2teau de Mal\u00e9rargues -30140 Thoiras-Corb\u00e8s<\/p><p><strong>TARIFS DE LA FORMATION<br \/><\/strong>Prise en charge du co\u00fbt p\u00e9dagogique\u00a0: 1 500,00 \u20ac euros HT<\/p><p>Si vous \u00eates salari\u00e9 (y compris intermittent du spectacle), votre organisme de financement de la formation professionnelle (AFDAS, UNIFORMATION\u2026) peut prendre en charge le co\u00fbt global \u00e0 travers diff\u00e9rents programmes (Plan de Formation de l\u2019Entreprise, Plan de Formation des Intermittents,\u2026).<br \/>Consultez notre page \u00ab financer sa formation \u00bb pour plus d\u2019informations\u00a0\u00a0<a href=\"https:\/\/www.illusion-macadam.coop\/formation\/financer-sa-formation\" target=\"_blank\" rel=\"noopener\">https:\/\/www.illusion-macadam.coop\/formation\/financer-sa-formation<\/a><br \/>Les dispositifs sont nombreux et complexes. Contactez-nous afin que l\u2019on \u00e9tudie votre situation particuli\u00e8re et que l\u2019on vous indique les d\u00e9marches \u00e0 effectuer.<br \/>Cette formation est accessibles \u00e0 tous\u00b7tes.<\/p><p>Si vous avez besoin d\u2019un am\u00e9nagement sp\u00e9cifique, vous pouvez contacter notre r\u00e9f\u00e9rente handicap qui vous mettra en place un entretien personnalis\u00e9, afin d\u2019\u00e9tudier votre projet de formation et les am\u00e9nagements qui pourraient, dans la mesure du possible, \u00eatre mis en place.<br \/>Contactez notre r\u00e9f\u00e9rente handicap, Fanny Chaze au 04 67 84 29 89 ou\u00a0<a href=\"mailto:fchaze@illusion-macadam.fr\">fchaze@illusion-macadam.fr<\/a><\/p><p><strong>MODALIT\u00c9S ET D\u00c9LAIS D\u2019ACC\u00c8S \u00c0 LA FORMATION<br \/><\/strong>L\u2019effectif de cette formation est limit\u00e9 \u00e0 10 personnes<br \/>L\u2019inscription se fait suite \u00e0 la r\u00e9ception d\u2019un dossier complet, comprenant fiche d\u2019inscription, convention de formation sign\u00e9e, accord de financement (devis sign\u00e9 ou accord de prise en charge).<br \/>Les candidats int\u00e9ress\u00e9s par cette formation doivent r\u00e9diger une lettre de motivation dans laquelle ils pr\u00e9senteront leur projet personnel en lien avec la formation.<br \/>La date limite d\u2019inscription a lieu 1 mois avant le d\u00e9but de la formation.<\/p><p>Pour plus d\u2019information, contacter le service formation au 04 67 84 29 89 ou par mail\u00a0<a href=\"mailto:formation@illusion-macadam.fr\">formation@illusion-macadam.fr<\/a><\/p>\t\t\t\t\t\t\t\t<\/div>\n\t\t\t\t\t<\/div>\n\t\t\t\t<\/div>\n\t\t<div class=\"elementor-element elementor-element-2199911 e-flex e-con-boxed e-con e-parent\" data-id=\"2199911\" data-element_type=\"container\" data-e-type=\"container\" data-settings=\"{&quot;background_background&quot;:&quot;classic&quot;,&quot;jet_parallax_layout_list&quot;:[]}\">\n\t\t\t\t\t<div class=\"e-con-inner\">\n\t\t\t\t<div class=\"elementor-element elementor-element-46df400 elementor-widget elementor-widget-text-editor\" data-id=\"46df400\" data-element_type=\"widget\" data-e-type=\"widget\" data-widget_type=\"text-editor.default\">\n\t\t\t\t\t\t\t\t\t<p><strong>ATTENTION :<br \/><\/strong>\u2013 pour l\u2019inscription et le paiement \u00e0 ce stage contactez <span style=\"text-decoration: underline;\"><span style=\"color: #ffffff;\"><a style=\"color: #ffffff; text-decoration: underline;\" href=\"mailto:formation@illusion-macadam.fr\">formation@illusion-macadam.fr<\/a><\/span><\/span><br \/>\u2013 pour la r\u00e9servation de g\u00eete et l\u2019adh\u00e9sion annuelle au Centre de Voix Roy Hart, contactez B\u00e9atrice <span style=\"text-decoration: underline;\"><span style=\"color: #ffffff;\"><a style=\"color: #ffffff; text-decoration: underline;\" href=\"mailto:contact@centreroyhart.org\">contact@centreroyhart.org<\/a><\/span><\/span><\/p>\t\t\t\t\t\t\t\t<\/div>\n\t\t\t\t\t<\/div>\n\t\t\t\t<\/div>\n\t\t\t\t<\/div>\n\t\t","protected":false},"template":"","meta":{"site-sidebar-layout":"default","site-content-layout":"","ast-site-content-layout":"default","site-content-style":"default","site-sidebar-style":"default","ast-global-header-display":"","ast-banner-title-visibility":"","ast-main-header-display":"","ast-hfb-above-header-display":"","ast-hfb-below-header-display":"","ast-hfb-mobile-header-display":"","site-post-title":"","ast-breadcrumbs-content":"","ast-featured-img":"","footer-sml-layout":"","ast-disable-related-posts":"","theme-transparent-header-meta":"","adv-header-id-meta":"","stick-header-meta":"","header-above-stick-meta":"","header-main-stick-meta":"","header-below-stick-meta":"","astra-migrate-meta-layouts":"default","ast-page-background-enabled":"default","ast-page-background-meta":{"desktop":{"background-color":"var(--ast-global-color-4)","background-image":"","background-repeat":"repeat","background-position":"center center","background-size":"auto","background-attachment":"scroll","background-type":"","background-media":"","overlay-type":"","overlay-color":"","overlay-opacity":"","overlay-gradient":""},"tablet":{"background-color":"","background-image":"","background-repeat":"repeat","background-position":"center center","background-size":"auto","background-attachment":"scroll","background-type":"","background-media":"","overlay-type":"","overlay-color":"","overlay-opacity":"","overlay-gradient":""},"mobile":{"background-color":"","background-image":"","background-repeat":"repeat","background-position":"center center","background-size":"auto","background-attachment":"scroll","background-type":"","background-media":"","overlay-type":"","overlay-color":"","overlay-opacity":"","overlay-gradient":""}},"ast-content-background-meta":{"desktop":{"background-color":"var(--ast-global-color-5)","background-image":"","background-repeat":"repeat","background-position":"center center","background-size":"auto","background-attachment":"scroll","background-type":"","background-media":"","overlay-type":"","overlay-color":"","overlay-opacity":"","overlay-gradient":""},"tablet":{"background-color":"var(--ast-global-color-5)","background-image":"","background-repeat":"repeat","background-position":"center center","background-size":"auto","background-attachment":"scroll","background-type":"","background-media":"","overlay-type":"","overlay-color":"","overlay-opacity":"","overlay-gradient":""},"mobile":{"background-color":"var(--ast-global-color-5)","background-image":"","background-repeat":"repeat","background-position":"center center","background-size":"auto","background-attachment":"scroll","background-type":"","background-media":"","overlay-type":"","overlay-color":"","overlay-opacity":"","overlay-gradient":""}},"_jet_sm_ready_style":"","_jet_sm_style":"","_jet_sm_controls_values":"","_jet_sm_fonts_collection":"","_jet_sm_fonts_links":"","footnotes":""},"level":[78],"workshop-year":[317],"season":[88],"class_list":["post-36307","workshops","type-workshops","status-publish","hentry","level-ouvert-a-tous","workshop-year-stages-2026","season-ete"],"publishpress_future_action":{"enabled":false,"date":"2026-05-08 08:50:16","action":"change-status","newStatus":"draft","terms":[],"taxonomy":"type-workshop","extraData":[]},"publishpress_future_workflow_manual_trigger":{"enabledWorkflows":[]},"_links":{"self":[{"href":"https:\/\/centreroyhart.org\/fr\/wp-json\/wp\/v2\/workshops\/36307","targetHints":{"allow":["GET"]}}],"collection":[{"href":"https:\/\/centreroyhart.org\/fr\/wp-json\/wp\/v2\/workshops"}],"about":[{"href":"https:\/\/centreroyhart.org\/fr\/wp-json\/wp\/v2\/types\/workshops"}],"version-history":[{"count":5,"href":"https:\/\/centreroyhart.org\/fr\/wp-json\/wp\/v2\/workshops\/36307\/revisions"}],"predecessor-version":[{"id":37666,"href":"https:\/\/centreroyhart.org\/fr\/wp-json\/wp\/v2\/workshops\/36307\/revisions\/37666"}],"wp:attachment":[{"href":"https:\/\/centreroyhart.org\/fr\/wp-json\/wp\/v2\/media?parent=36307"}],"wp:term":[{"taxonomy":"level","embeddable":true,"href":"https:\/\/centreroyhart.org\/fr\/wp-json\/wp\/v2\/level?post=36307"},{"taxonomy":"workshop-year","embeddable":true,"href":"https:\/\/centreroyhart.org\/fr\/wp-json\/wp\/v2\/workshop-year?post=36307"},{"taxonomy":"season","embeddable":true,"href":"https:\/\/centreroyhart.org\/fr\/wp-json\/wp\/v2\/season?post=36307"}],"curies":[{"name":"wp","href":"https:\/\/api.w.org\/{rel}","templated":true}]}}

<div data-elementor-type="wp-post" data-elementor-id="36307" class="elementor elementor-36307" data-elementor-post-type="workshops">
				<div class="elementor-element elementor-element-4d5c6fe6 e-flex e-con-boxed e-con e-parent" data-id="4d5c6fe6" data-element_type="container" data-e-type="container" data-settings="{&quot;jet_parallax_layout_list&quot;:[]}">
					<div class="e-con-inner">
				<div class="elementor-element elementor-element-68936c4e elementor-widget elementor-widget-text-editor" data-id="68936c4e" data-element_type="widget" data-e-type="widget" data-widget_type="text-editor.default">
									<p><span style="color: #000000;"><strong>STAGE RSERVE AUX FRANCOPHONES.</strong></span></p><p><strong>ATTENTION :<br /></strong>– l’inscription et le paiement pour ce stage se font à <a href="mailto:formation@illusion-macadam.fr">formation@illusion-macadam.fr</a><br />– l’inscription et le paiement pour le gîte et l’adhésion se font au Centre de voix Roy Hart, contactez Béatrice <a href="mailto:contact@centreroyhart.org">contact@centreroyhart.org</a></p><p><strong>PUBLIC CIBLE<br /></strong>Cette formation s’adresse principalement aux professionnels du spectacle vivant, qu’ils soient acteurs, chanteurs, orateurs ou autres artistes utilisant leur voix dans leur pratique quotidienne.</p><p><strong>PRÉ REQUIS<br /></strong>Une certaine connaissance ou pratique de la voix est recommandée, bien que non indispensable. Il est important que les participants soient francophones afin de garantir une compréhension optimale des exercices et des concepts abordés. Les participants devront être capables de travailler en groupe et de s’impliquer dans des exercices pratiques.</p><p><strong>OBJECTIFS PÉDAGOGIQUES<br /></strong>&#8211; Intégrer plus consciemment l’outil voix dans sa pratique professionnelle.Approfondir sa présence scénique en étant plus enracinés dans leur registre vocal.<br />&#8211; Poser sa voix dans les carrefours de résonances corporelles et développer une conscience respiratoire dynamique.<br />&#8211; Disposer de toute sa palette de sons en hauteurs, timbres et intensités<br />&#8211; Enrichir sa transmission orale en alliant diction et articulation.<br />&#8211; Maîtriser sa justesse et sa musicalité<br />&#8211; Savoir gérer le trac</p><p>A la fin de la formation, les stagiaires seront en mesure de :<br />Gérer son souffle, placer sa voix selon ses besoins<br />Avoir une conscience posturale<br />Maîtriser une palette d’expressions vocales<br />Prendre confiance pour la prise de parole en public</p><p><strong>CONTENU<br /></strong>Le contenu de cette formation est riche et varié, conçu pour atteindre les objectifs pédagogiques fixés. Les journées sont structurées de manière à favoriser un apprentissage progressif. Ainsi, chaque jour débutera par un travail d’échauffement en collectif, incluant des jeux et des improvisations corporelles, respiratoires et vocales. Les participants s’engageront ensuite dans des exercices individuels de techniques vocales et respiratoires appliquées à la voix parlée et chantée, des temps de travail vocal collectif et des ateliers de mise en situation.<br />Tout au long de la formation, les stagiaires seront amenés à travailler sur :<br />&#8211; la technique vocale (respiration, articulation, diction, résonances, timbre, justesse) permettant la structuration et l’intégration de gestes fondamentaux pour la bonne santé de la voix la maîtrise de sa voix en groupe les techniques d’interprétation (mise en situation, analyse des textes) <br />&#8211; la préparation corporelle respiratoire et vocale (exercice de projection de la voix, entraînement vocaux)</p><p>Avant le début de la formation, chaque stagiaire sera amené à sélectionner une matière (chant, texte, conférence, etc.) en lien avec son activité professionnelle.<br />L’apprentissage tout au long de la formation s’appuiera sur cette matière, afin de mettre en situation immédiatement les acquis théoriques de chaque journée. En fin de formation, les stagiaires présenteront leurs projets individuels.<br />Cette formation sera ponctuée par des feedbacks des intervenants, permettant une évaluation des acquis et des retours d’expérience des stagiaires.</p><p><strong>MÉTHODE PÉDAGOGIQUE<br /></strong>La formation aura lieu en présentiel.<br />Les modalités pédagogiques adoptées tout au long de la formation visent à garantir un apprentissage efficace et dynamique.<br />Les entraînements et ateliers seront basés sur des mises en situation individuelles, favorisant l’utilisation de leur choix de matière.<br />Les participants bénéficieront également de feedbacks personnalisés du professeur, qui fournira ses recommandations pour améliorer leur pratique.</p><p><strong>MOYENS ET SUPPORTS PÉDAGOGIQUES<br /></strong>Les stagiaires auront accès à un ensemble de ressources pédagogiques tout au long de la formation, comprenant :<br />&#8211; Documents de travail fournis par les professeurs, incluant des planches anatomiques et d’autres supports pédagogiques.<br />&#8211; Un accès aux archives du Centre de Voix Roy Hart, enrichissant l’expérience d’apprentissage. <br />&#8211; Une salle de travail adaptée (tapis, bâtons,…) favorisant un cadre propice à l’apprentissage.</p><p><strong>MODALITÉS D’ÉVALUATION</strong><br />Pour garantir que les stagiaires atteignent les objectifs de formation, plusieurs modalités d’évaluation seront mises en place :<br />Une mise en situation où chaque participant présentera son projet individuel à la fin du stage. Un dialogue ouvert avec les participants, permettant des réponses à leurs questions et des explications sur les techniques abordées.<br />Les critères d’évaluation incluront la qualité de présence, l’attitude dans le travail, et se baseront sur le travail vocal personnalisé proposé durant la formation.</p><p><strong>DURÉE, HORAIRES ET LIEU DE LA FORMATION<br /></strong>Durée : 5 jours (25h)<br />Horaires : 10h/13h &amp; 15h/17h<br />Lieu : Centre de Voix Roy Hart – Château de Malérargues -30140 Thoiras-Corbès</p><p><strong>TARIFS DE LA FORMATION<br /></strong>Prise en charge du coût pédagogique : 1 500,00 € euros HT</p><p>Si vous êtes salarié (y compris intermittent du spectacle), votre organisme de financement de la formation professionnelle (AFDAS, UNIFORMATION…) peut prendre en charge le coût global à travers différents programmes (Plan de Formation de l’Entreprise, Plan de Formation des Intermittents,…).<br />Consultez notre page « financer sa formation » pour plus d’informations  <a href="https://www.illusion-macadam.coop/formation/financer-sa-formation" target="_blank" rel="noopener">https://www.illusion-macadam.coop/formation/financer-sa-formation</a><br />Les dispositifs sont nombreux et complexes. Contactez-nous afin que l’on étudie votre situation particulière et que l’on vous indique les démarches à effectuer.<br />Cette formation est accessibles à tous·tes.</p><p>Si vous avez besoin d’un aménagement spécifique, vous pouvez contacter notre référente handicap qui vous mettra en place un entretien personnalisé, afin d’étudier votre projet de formation et les aménagements qui pourraient, dans la mesure du possible, être mis en place.<br />Contactez notre référente handicap, Fanny Chaze au 04 67 84 29 89 ou <a href="mailto:fchaze@illusion-macadam.fr">fchaze@illusion-macadam.fr</a></p><p><strong>MODALITÉS ET DÉLAIS D’ACCÈS À LA FORMATION<br /></strong>L’effectif de cette formation est limité à 10 personnes<br />L’inscription se fait suite à la réception d’un dossier complet, comprenant fiche d’inscription, convention de formation signée, accord de financement (devis signé ou accord de prise en charge).<br />Les candidats intéressés par cette formation doivent rédiger une lettre de motivation dans laquelle ils présenteront leur projet personnel en lien avec la formation.<br />La date limite d’inscription a lieu 1 mois avant le début de la formation.</p><p>Pour plus d’information, contacter le service formation au 04 67 84 29 89 ou par mail <a href="mailto:formation@illusion-macadam.fr">formation@illusion-macadam.fr</a></p>								</div>
					</div>
				</div>
		<div class="elementor-element elementor-element-2199911 e-flex e-con-boxed e-con e-parent" data-id="2199911" data-element_type="container" data-e-type="container" data-settings="{&quot;background_background&quot;:&quot;classic&quot;,&quot;jet_parallax_layout_list&quot;:[]}">
					<div class="e-con-inner">
				<div class="elementor-element elementor-element-46df400 elementor-widget elementor-widget-text-editor" data-id="46df400" data-element_type="widget" data-e-type="widget" data-widget_type="text-editor.default">
									<p><strong>ATTENTION :<br /></strong>– pour l’inscription et le paiement à ce stage contactez <span style="text-decoration: underline;"><span style="color: #ffffff;"><a style="color: #ffffff; text-decoration: underline;" href="mailto:formation@illusion-macadam.fr">formation@illusion-macadam.fr</a></span></span><br />– pour la réservation de gîte et l’adhésion annuelle au Centre de Voix Roy Hart, contactez Béatrice <span style="text-decoration: underline;"><span style="color: #ffffff;"><a style="color: #ffffff; text-decoration: underline;" href="mailto:contact@centreroyhart.org">contact@centreroyhart.org</a></span></span></p>								</div>
					</div>
				</div>
				</div>
