{"id":37345,"date":"2026-02-24T19:39:58","date_gmt":"2026-02-24T19:39:58","guid":{"rendered":"https:\/\/centreroyhart.org\/?post_type=workshops&#038;p=37345"},"modified":"2026-03-02T17:27:33","modified_gmt":"2026-03-02T17:27:33","slug":"le-chant-de-linstant","status":"publish","type":"workshops","link":"https:\/\/centreroyhart.org\/fr\/stages\/le-chant-de-linstant\/","title":{"rendered":"Le chant de l\u2019instant"},"content":{"rendered":"\t\t<div data-elementor-type=\"wp-post\" data-elementor-id=\"37345\" class=\"elementor elementor-37345\" data-elementor-post-type=\"workshops\">\n\t\t\t\t<div class=\"elementor-element elementor-element-52f65209 e-flex e-con-boxed e-con e-parent\" data-id=\"52f65209\" data-element_type=\"container\" data-e-type=\"container\" data-settings=\"{&quot;jet_parallax_layout_list&quot;:[]}\">\n\t\t\t\t\t<div class=\"e-con-inner\">\n\t\t\t\t<div class=\"elementor-element elementor-element-5a390aa4 elementor-widget elementor-widget-text-editor\" data-id=\"5a390aa4\" data-element_type=\"widget\" data-e-type=\"widget\" data-widget_type=\"text-editor.default\">\n\t\t\t\t\t\t\t\t\t\n<p><\/p>\n\n\n\n<p><strong>ATTENTION :<\/strong> <br>&#8211; l&#8217;inscription et le paiement pour ce stage se font \u00e0 <a href=\"mailto:formation@illusion-macadam.fr\">formation@illusion-macadam.fr<\/a><br>&#8211; l&#8217;inscription et le paiement pour le g\u00eete et l\u2019adh\u00e9sion se font au Centre de voix Roy Hart, contactez B\u00e9atrice <a href=\"mailto:contact@centreroyhart.org\">contact@centreroyhart.org<\/a><\/p>\n\n\n\n<p><strong>PUBLIC CIBLE<br><\/strong>Professionnel\u00b7les du spectacle vivant<\/p>\n\n\n\n<p><strong>PR\u00c9 REQUIS<br><\/strong>Pas de pr\u00e9requis.<\/p>\n\n\n\n<p><strong>OBJECTIFS P\u00c9DAGOGIQUES<br><\/strong>&#8211; S\u2019exprimer par le chant improvis\u00e9, en solo et \u00e0 plusieurs<br>&#8211; D\u00e9velopper pr\u00e9sence et \u00e9coute de soi, des autres, de l\u2019espace sonore<br>&#8211; Explorer les outils de composition instantan\u00e9e<\/p>\n\n\n\n<p>A la fin de la formation les stagiaires auront d\u00e9velopp\u00e9 :<br>&#8211; leurs comp\u00e9tences physique pour ma\u00eetriser leur voix (respiration, engagement, puissance, espace de r\u00e9sonance\u2026<br>&#8211; leur connaissance des \u00e9l\u00e9ments de vocabulaire propre \u00e0 la composition instantan\u00e9e <br>&#8211; leur capacit\u00e9 \u00e0 s\u2019exprimer en exer\u00e7ant leur expressivit\u00e9 \u00e9motionnelle, leur cr\u00e9ativit\u00e9 et leur imagination.<\/p>\n\n\n\n<p><strong>CONTENU<br><\/strong>La formation se construit sur 6 jours, \u00e0 l\u2019image d\u2019un chemin vers l\u2019inspiration musicale. Chaque \u00e9tape de ce parcours permettra aux stagiaires de mieux se conna\u00eetre, d\u2019identifier ses points forts, et donc de d\u00e9velopper ses capacit\u00e9s \u00e0 l\u2019improvisation vocale. Chaque journ\u00e9e d\u00e9butera par une pr\u00e9paration corporelle et vocale, puis s\u2019organisera autour de temps individuels, de temps en demi groupe et groupe complet. Des temps de travail sur des outils laisseront la place \u00e0 des sessions d\u2019exploration vocale, des temps de recherche en profondeur alterneront avec des jeux ludiques. Ainsi, les formatrices pourront accompagner en douceur chaque stagiaire vers la ma\u00eetrise de la composition instantan\u00e9e. Au cours de ces six journ\u00e9es, les stagiaires auront l\u2019occasion d\u2019exp\u00e9rimenter : l\u2019\u00e9coute intuitive, le rapport au silence, les contrastes, le travail du rythme, l\u2019\u00e9laboration d\u2019une intention, la m\u00e9lodie, l\u2019unisson, le contrepoint ou le grommelos, les technique d\u2019ouverture de sa respiration,<br>la gestion de ses \u00e9motions et perceptions sensorielles, des images et histoires issues de son imaginaire, Tous ces outils et m\u00e9thodes permettront \u00e0 chaque de d\u00e9velopper et nourrir, \u00e0 son rythme, son inspiration musicale.<\/p>\n\n\n\n<p><strong>M\u00c9THODE P\u00c9DAGOGIQUE<br><\/strong>La formation aura lieu en pr\u00e9sentiel.<br>Elle s\u2019appuiera sur les m\u00e9thodes expositives, participatives et actives \u00e0 travers :<br>&#8211; Des temps de recherche \u00ab laboratoire \u00bb collectifs<br>&#8211; Des temps de mises en situation<br>&#8211; Des temps d\u2019auto-apprentissage, recherche individuelle<br>&#8211; Du travail par petits groupes, debriefings entre stagiaires<br>&#8211; Consignes donn\u00e9es par les intervenantes et retours personnalis\u00e9s<\/p>\n\n\n\n<p><strong>MOYENS ET SUPPORTS P\u00c9DAGOGIQUES<br><\/strong>&#8211; Salles de travail adapt\u00e9es<br>&#8211; Tapis de sol<\/p>\n\n\n\n<p><strong>MODALIT\u00c9S D\u2019\u00c9VALUATION<br><\/strong>&#8211; Mises en situation pratiques tout au long du stage<br>&#8211; Observation de la capacit\u00e9 d\u2019adaptation \u00e0 des consignes personnalis\u00e9es<br>&#8211; Pr\u00e9sentation de fin de stage<br>&#8211; Entretiens, discussions, partages<\/p>\n\n\n\n<p><strong>DUR\u00c9E, HORAIRES ET LIEU DE LA FORMATION<br><\/strong>Dur\u00e9e: 6 jours<br>Horaires:<br>&#8211; le 27\/10\/26 de 09h00 \u00e0 17h30,<br>&#8211; le 28\/10\/26 de 09h00 \u00e0 17h30,<br>&#8211; le 29\/10\/26 de 09h00 \u00e0 17h30,<br>&#8211; le 30\/10\/26 de 09h00 \u00e0 17h30,<br>&#8211; le 31\/10\/26 de 09h00 \u00e0 17h30,<br>&#8211; le 01\/11\/26 de 09h00 \u00e0 12h30<br>Lieu : Centre de Voix Roy Hart \u2013 Ch\u00e2teau de Mal\u00e9rargues -30140 Thoiras-Corb\u00e8s<\/p>\n\n\n\n<p><strong>TARIFS DE LA FORMATION<br><\/strong>Prise en charge du co\u00fbt p\u00e9dagogique: 2 160,00 \u20ac euros HT<br>Si vous \u00eates salari\u00e9 (y compris intermittent du spectacle), votre organisme de financement de la formation professionnelle (AFDAS, UNIFORMATION\u2026) peut prendre en charge le co\u00fbt global \u00e0 travers diff\u00e9rents programmes (Plan de Formation de l\u2019Entreprise, Plan de Formation des Intermittents,\u2026).<br>Consultez notre page \u00ab financer sa formation \u00bb pour plus d\u2019informations&nbsp;&nbsp;<a href=\"https:\/\/www.illusion-macadam.coop\/formation\/financer-sa-formation\" target=\"_blank\" rel=\"noopener\">https:\/\/www.illusion-macadam.coop\/formation\/financer-sa-formation<\/a><br>Les dispositifs sont nombreux et complexes. Contactez-nous afin que l\u2019on \u00e9tudie votre situation particuli\u00e8re et que l\u2019on vous indique les d\u00e9marches \u00e0 effectuer.<br>Cette formation est accessibles \u00e0 tous\u00b7tes.<br>Si vous avez besoin d\u2019un am\u00e9nagement sp\u00e9cifique, vous pouvez contacter notre r\u00e9f\u00e9rente handicap qui vous mettra en place un entretien personnalis\u00e9, afin d\u2019\u00e9tudier votre projet de formation et les am\u00e9nagements qui pourraient, dans la mesure du possible, \u00eatre mis en place.<br>Contactez notre r\u00e9f\u00e9rente handicap, Fanny Chaze au 04 67 84 29 89 ou&nbsp;<a href=\"mailto:fchaze@illusion-macadam.fr\">fchaze@illusion-macadam.fr<\/a><\/p>\n\n\n\n<p><strong>MODALIT\u00c9S ET D\u00c9LAIS D\u2019ACC\u00c8S \u00c0 LA FORMATION<br><\/strong>L\u2019effectif de cette formation est limit\u00e9 \u00e0 12 personnes<br>L\u2019inscription se fait suite \u00e0 la r\u00e9ception d\u2019un dossier complet, comprenant fiche d\u2019inscription, convention de formation sign\u00e9e, accord de financement (devis sign\u00e9 ou accord de prise en charge).<br>La date limite d\u2019inscription a lieu 1 semaine avant le d\u00e9but de la formation.<br>Pour les personnes souhaitant faire une demande aupr\u00e8s de l\u2019Afdas, il est \u00e0 noter que les demandes de prise en charge sont \u00e0 d\u00e9poser un mois avant le d\u00e9but de la formation.<br>Pour plus d\u2019information, contacter le service formation au 04 67 84 29 89 ou par mail&nbsp;<a href=\"mailto:formation@illusion-macadam.fr\">formation@illusion-macadam.fr<\/a><\/p>\n\n\n\n<p><\/p>\n\n\n\n<p><\/p>\n\t\t\t\t\t\t\t\t<\/div>\n\t\t\t\t\t<\/div>\n\t\t\t\t<\/div>\n\t\t<div class=\"elementor-element elementor-element-db70448 e-flex e-con-boxed e-con e-parent\" data-id=\"db70448\" data-element_type=\"container\" data-e-type=\"container\" data-settings=\"{&quot;background_background&quot;:&quot;classic&quot;,&quot;jet_parallax_layout_list&quot;:[]}\">\n\t\t\t\t\t<div class=\"e-con-inner\">\n\t\t\t\t<div class=\"elementor-element elementor-element-9f00cab elementor-widget elementor-widget-text-editor\" data-id=\"9f00cab\" data-element_type=\"widget\" data-e-type=\"widget\" data-widget_type=\"text-editor.default\">\n\t\t\t\t\t\t\t\t\t<p><strong>ATTENTION :<br \/><\/strong>\u2013 pour l\u2019inscription et le paiement \u00e0 ce stage contactez <span style=\"text-decoration: underline;\"><span style=\"color: #ffffff;\"><a style=\"color: #ffffff; text-decoration: underline;\" href=\"mailto:formation@illusion-macadam.fr\">formation@illusion-macadam.fr<\/a><\/span><\/span><br \/>\u2013 pour la r\u00e9servation de g\u00eete et l\u2019adh\u00e9sion annuelle au Centre de Voix Roy Hart, contactez B\u00e9atrice <span style=\"text-decoration: underline;\"><span style=\"color: #ffffff;\"><a style=\"color: #ffffff; text-decoration: underline;\" href=\"mailto:contact@centreroyhart.org\">contact@centreroyhart.org<\/a><\/span><\/span><\/p>\t\t\t\t\t\t\t\t<\/div>\n\t\t\t\t\t<\/div>\n\t\t\t\t<\/div>\n\t\t\t\t<\/div>\n\t\t","protected":false},"template":"","meta":{"site-sidebar-layout":"default","site-content-layout":"","ast-site-content-layout":"default","site-content-style":"default","site-sidebar-style":"default","ast-global-header-display":"","ast-banner-title-visibility":"","ast-main-header-display":"","ast-hfb-above-header-display":"","ast-hfb-below-header-display":"","ast-hfb-mobile-header-display":"","site-post-title":"","ast-breadcrumbs-content":"","ast-featured-img":"","footer-sml-layout":"","ast-disable-related-posts":"","theme-transparent-header-meta":"","adv-header-id-meta":"","stick-header-meta":"","header-above-stick-meta":"","header-main-stick-meta":"","header-below-stick-meta":"","astra-migrate-meta-layouts":"default","ast-page-background-enabled":"default","ast-page-background-meta":{"desktop":{"background-color":"var(--ast-global-color-4)","background-image":"","background-repeat":"repeat","background-position":"center center","background-size":"auto","background-attachment":"scroll","background-type":"","background-media":"","overlay-type":"","overlay-color":"","overlay-opacity":"","overlay-gradient":""},"tablet":{"background-color":"","background-image":"","background-repeat":"repeat","background-position":"center center","background-size":"auto","background-attachment":"scroll","background-type":"","background-media":"","overlay-type":"","overlay-color":"","overlay-opacity":"","overlay-gradient":""},"mobile":{"background-color":"","background-image":"","background-repeat":"repeat","background-position":"center center","background-size":"auto","background-attachment":"scroll","background-type":"","background-media":"","overlay-type":"","overlay-color":"","overlay-opacity":"","overlay-gradient":""}},"ast-content-background-meta":{"desktop":{"background-color":"var(--ast-global-color-5)","background-image":"","background-repeat":"repeat","background-position":"center center","background-size":"auto","background-attachment":"scroll","background-type":"","background-media":"","overlay-type":"","overlay-color":"","overlay-opacity":"","overlay-gradient":""},"tablet":{"background-color":"var(--ast-global-color-5)","background-image":"","background-repeat":"repeat","background-position":"center center","background-size":"auto","background-attachment":"scroll","background-type":"","background-media":"","overlay-type":"","overlay-color":"","overlay-opacity":"","overlay-gradient":""},"mobile":{"background-color":"var(--ast-global-color-5)","background-image":"","background-repeat":"repeat","background-position":"center center","background-size":"auto","background-attachment":"scroll","background-type":"","background-media":"","overlay-type":"","overlay-color":"","overlay-opacity":"","overlay-gradient":""}},"_jet_sm_ready_style":"","_jet_sm_style":"","_jet_sm_controls_values":"","_jet_sm_fonts_collection":"","_jet_sm_fonts_links":"","footnotes":""},"level":[78],"workshop-year":[317],"season":[79,89],"class_list":["post-37345","workshops","type-workshops","status-publish","hentry","level-ouvert-a-tous","workshop-year-stages-2026","season-automne","season-hiver"],"publishpress_future_action":{"enabled":false,"date":"2026-05-08 11:53:35","action":"change-status","newStatus":"draft","terms":[],"taxonomy":"type-workshop","extraData":[]},"publishpress_future_workflow_manual_trigger":{"enabledWorkflows":[]},"_links":{"self":[{"href":"https:\/\/centreroyhart.org\/fr\/wp-json\/wp\/v2\/workshops\/37345","targetHints":{"allow":["GET"]}}],"collection":[{"href":"https:\/\/centreroyhart.org\/fr\/wp-json\/wp\/v2\/workshops"}],"about":[{"href":"https:\/\/centreroyhart.org\/fr\/wp-json\/wp\/v2\/types\/workshops"}],"version-history":[{"count":5,"href":"https:\/\/centreroyhart.org\/fr\/wp-json\/wp\/v2\/workshops\/37345\/revisions"}],"predecessor-version":[{"id":37672,"href":"https:\/\/centreroyhart.org\/fr\/wp-json\/wp\/v2\/workshops\/37345\/revisions\/37672"}],"wp:attachment":[{"href":"https:\/\/centreroyhart.org\/fr\/wp-json\/wp\/v2\/media?parent=37345"}],"wp:term":[{"taxonomy":"level","embeddable":true,"href":"https:\/\/centreroyhart.org\/fr\/wp-json\/wp\/v2\/level?post=37345"},{"taxonomy":"workshop-year","embeddable":true,"href":"https:\/\/centreroyhart.org\/fr\/wp-json\/wp\/v2\/workshop-year?post=37345"},{"taxonomy":"season","embeddable":true,"href":"https:\/\/centreroyhart.org\/fr\/wp-json\/wp\/v2\/season?post=37345"}],"curies":[{"name":"wp","href":"https:\/\/api.w.org\/{rel}","templated":true}]}}

<div data-elementor-type="wp-post" data-elementor-id="37345" class="elementor elementor-37345" data-elementor-post-type="workshops">
				<div class="elementor-element elementor-element-52f65209 e-flex e-con-boxed e-con e-parent" data-id="52f65209" data-element_type="container" data-e-type="container" data-settings="{&quot;jet_parallax_layout_list&quot;:[]}">
					<div class="e-con-inner">
				<div class="elementor-element elementor-element-5a390aa4 elementor-widget elementor-widget-text-editor" data-id="5a390aa4" data-element_type="widget" data-e-type="widget" data-widget_type="text-editor.default">
									
<p></p>



<p><strong>ATTENTION :</strong> <br>&#8211; l&#8217;inscription et le paiement pour ce stage se font à <a href="mailto:formation@illusion-macadam.fr">formation@illusion-macadam.fr</a><br>&#8211; l&#8217;inscription et le paiement pour le gîte et l’adhésion se font au Centre de voix Roy Hart, contactez Béatrice <a href="mailto:contact@centreroyhart.org">contact@centreroyhart.org</a></p>



<p><strong>PUBLIC CIBLE<br></strong>Professionnel·les du spectacle vivant</p>



<p><strong>PRÉ REQUIS<br></strong>Pas de prérequis.</p>



<p><strong>OBJECTIFS PÉDAGOGIQUES<br></strong>&#8211; S’exprimer par le chant improvisé, en solo et à plusieurs<br>&#8211; Développer présence et écoute de soi, des autres, de l’espace sonore<br>&#8211; Explorer les outils de composition instantanée</p>



<p>A la fin de la formation les stagiaires auront développé :<br>&#8211; leurs compétences physique pour maîtriser leur voix (respiration, engagement, puissance, espace de résonance…<br>&#8211; leur connaissance des éléments de vocabulaire propre à la composition instantanée <br>&#8211; leur capacité à s’exprimer en exerçant leur expressivité émotionnelle, leur créativité et leur imagination.</p>



<p><strong>CONTENU<br></strong>La formation se construit sur 6 jours, à l’image d’un chemin vers l’inspiration musicale. Chaque étape de ce parcours permettra aux stagiaires de mieux se connaître, d’identifier ses points forts, et donc de développer ses capacités à l’improvisation vocale. Chaque journée débutera par une préparation corporelle et vocale, puis s’organisera autour de temps individuels, de temps en demi groupe et groupe complet. Des temps de travail sur des outils laisseront la place à des sessions d’exploration vocale, des temps de recherche en profondeur alterneront avec des jeux ludiques. Ainsi, les formatrices pourront accompagner en douceur chaque stagiaire vers la maîtrise de la composition instantanée. Au cours de ces six journées, les stagiaires auront l’occasion d’expérimenter : l’écoute intuitive, le rapport au silence, les contrastes, le travail du rythme, l’élaboration d’une intention, la mélodie, l’unisson, le contrepoint ou le grommelos, les technique d’ouverture de sa respiration,<br>la gestion de ses émotions et perceptions sensorielles, des images et histoires issues de son imaginaire, Tous ces outils et méthodes permettront à chaque de développer et nourrir, à son rythme, son inspiration musicale.</p>



<p><strong>MÉTHODE PÉDAGOGIQUE<br></strong>La formation aura lieu en présentiel.<br>Elle s’appuiera sur les méthodes expositives, participatives et actives à travers :<br>&#8211; Des temps de recherche « laboratoire » collectifs<br>&#8211; Des temps de mises en situation<br>&#8211; Des temps d’auto-apprentissage, recherche individuelle<br>&#8211; Du travail par petits groupes, debriefings entre stagiaires<br>&#8211; Consignes données par les intervenantes et retours personnalisés</p>



<p><strong>MOYENS ET SUPPORTS PÉDAGOGIQUES<br></strong>&#8211; Salles de travail adaptées<br>&#8211; Tapis de sol</p>



<p><strong>MODALITÉS D’ÉVALUATION<br></strong>&#8211; Mises en situation pratiques tout au long du stage<br>&#8211; Observation de la capacité d’adaptation à des consignes personnalisées<br>&#8211; Présentation de fin de stage<br>&#8211; Entretiens, discussions, partages</p>



<p><strong>DURÉE, HORAIRES ET LIEU DE LA FORMATION<br></strong>Durée: 6 jours<br>Horaires:<br>&#8211; le 27/10/26 de 09h00 à 17h30,<br>&#8211; le 28/10/26 de 09h00 à 17h30,<br>&#8211; le 29/10/26 de 09h00 à 17h30,<br>&#8211; le 30/10/26 de 09h00 à 17h30,<br>&#8211; le 31/10/26 de 09h00 à 17h30,<br>&#8211; le 01/11/26 de 09h00 à 12h30<br>Lieu : Centre de Voix Roy Hart – Château de Malérargues -30140 Thoiras-Corbès</p>



<p><strong>TARIFS DE LA FORMATION<br></strong>Prise en charge du coût pédagogique: 2 160,00 € euros HT<br>Si vous êtes salarié (y compris intermittent du spectacle), votre organisme de financement de la formation professionnelle (AFDAS, UNIFORMATION…) peut prendre en charge le coût global à travers différents programmes (Plan de Formation de l’Entreprise, Plan de Formation des Intermittents,…).<br>Consultez notre page « financer sa formation » pour plus d’informations&nbsp;&nbsp;<a href="https://www.illusion-macadam.coop/formation/financer-sa-formation" target="_blank" rel="noopener">https://www.illusion-macadam.coop/formation/financer-sa-formation</a><br>Les dispositifs sont nombreux et complexes. Contactez-nous afin que l’on étudie votre situation particulière et que l’on vous indique les démarches à effectuer.<br>Cette formation est accessibles à tous·tes.<br>Si vous avez besoin d’un aménagement spécifique, vous pouvez contacter notre référente handicap qui vous mettra en place un entretien personnalisé, afin d’étudier votre projet de formation et les aménagements qui pourraient, dans la mesure du possible, être mis en place.<br>Contactez notre référente handicap, Fanny Chaze au 04 67 84 29 89 ou&nbsp;<a href="mailto:fchaze@illusion-macadam.fr">fchaze@illusion-macadam.fr</a></p>



<p><strong>MODALITÉS ET DÉLAIS D’ACCÈS À LA FORMATION<br></strong>L’effectif de cette formation est limité à 12 personnes<br>L’inscription se fait suite à la réception d’un dossier complet, comprenant fiche d’inscription, convention de formation signée, accord de financement (devis signé ou accord de prise en charge).<br>La date limite d’inscription a lieu 1 semaine avant le début de la formation.<br>Pour les personnes souhaitant faire une demande auprès de l’Afdas, il est à noter que les demandes de prise en charge sont à déposer un mois avant le début de la formation.<br>Pour plus d’information, contacter le service formation au 04 67 84 29 89 ou par mail&nbsp;<a href="mailto:formation@illusion-macadam.fr">formation@illusion-macadam.fr</a></p>



<p></p>



<p></p>
								</div>
					</div>
				</div>
		<div class="elementor-element elementor-element-db70448 e-flex e-con-boxed e-con e-parent" data-id="db70448" data-element_type="container" data-e-type="container" data-settings="{&quot;background_background&quot;:&quot;classic&quot;,&quot;jet_parallax_layout_list&quot;:[]}">
					<div class="e-con-inner">
				<div class="elementor-element elementor-element-9f00cab elementor-widget elementor-widget-text-editor" data-id="9f00cab" data-element_type="widget" data-e-type="widget" data-widget_type="text-editor.default">
									<p><strong>ATTENTION :<br /></strong>– pour l’inscription et le paiement à ce stage contactez <span style="text-decoration: underline;"><span style="color: #ffffff;"><a style="color: #ffffff; text-decoration: underline;" href="mailto:formation@illusion-macadam.fr">formation@illusion-macadam.fr</a></span></span><br />– pour la réservation de gîte et l’adhésion annuelle au Centre de Voix Roy Hart, contactez Béatrice <span style="text-decoration: underline;"><span style="color: #ffffff;"><a style="color: #ffffff; text-decoration: underline;" href="mailto:contact@centreroyhart.org">contact@centreroyhart.org</a></span></span></p>								</div>
					</div>
				</div>
				</div>
